{"id":11725,"date":"2025-08-19T14:44:49","date_gmt":"2025-08-19T17:44:49","guid":{"rendered":"https:\/\/jfsimulacaosaude.com.br\/site\/?post_type=product&#038;p=11725"},"modified":"2025-10-15T11:26:39","modified_gmt":"2025-10-15T14:26:39","slug":"alta-performance-em-puncao-intravenosa-periferica","status":"publish","type":"product","link":"https:\/\/jfsimulacaosaude.com.br\/site\/produto\/alta-performance-em-puncao-intravenosa-periferica\/","title":{"rendered":"Alta Performance em Pun\u00e7\u00e3o Guiada por Ultrassom"},"content":{"rendered":"<p><strong>Objetivo Geral<\/strong><\/p>\n<p>Capacitar profissionais para a execu\u00e7\u00e3o segura, eficaz e baseada em evid\u00eancias da pun\u00e7\u00e3o intravenosa perif\u00e9rica, visando a excel\u00eancia t\u00e9cnica, a preven\u00e7\u00e3o de complica\u00e7\u00f5es e melhoria durante a realiza\u00e7\u00e3o do procedimento.<\/p>\n<p><strong>Objetivos Espec\u00edficos<\/strong><\/p>\n<ol>\n<li>Atualizar os profissionais quanto aos fundamentos anat\u00f4micos e fisiol\u00f3gicos relacionados ao acesso venoso perif\u00e9rico.<\/li>\n<li>Apresentar diretrizes e recomenda\u00e7\u00f5es nacionais e internacionais sobre pun\u00e7\u00e3o intravenosa perif\u00e9rica e manejo de dispositivos.<\/li>\n<li>Desenvolver habilidades pr\u00e1ticas para a escolha do dispositivo adequado e realiza\u00e7\u00e3o da pun\u00e7\u00e3o em rela\u00e7\u00e3o a indica\u00e7\u00e3o do procedimento em diferentes contextos cl\u00ednicos.<\/li>\n<li>Capacitar para a aplica\u00e7\u00e3o de t\u00e9cnicas ass\u00e9pticas e medidas de preven\u00e7\u00e3o de infec\u00e7\u00f5es relacionadas \u00e0 terapia intravenosa.<\/li>\n<li>Orientar sobre a identifica\u00e7\u00e3o precoce e manejo de complica\u00e7\u00f5es como flebite, infiltra\u00e7\u00e3o, extravasamento e obstru\u00e7\u00e3o do cateter.<\/li>\n<li>Estimular o trabalho multiprofissional e a comunica\u00e7\u00e3o efetiva entre as \u00e1reas envolvidas no cuidado.<\/li>\n<li>Promover a reflex\u00e3o cr\u00edtica sobre a pr\u00e1tica e o aprimoramento cont\u00ednuo das compet\u00eancias t\u00e9cnicas e cient\u00edficas no procedimento.<\/li>\n<li>Capacitar os participantes no uso de recursos tecnol\u00f3gicos, como ultrassonografia \u00e0 beira-leito, para auxiliar na localiza\u00e7\u00e3o e pun\u00e7\u00e3o de vasos.<\/li>\n<li>Treinar t\u00e9cnicas de fixa\u00e7\u00e3o e estabiliza\u00e7\u00e3o segura dos dispositivos intravenosos, garantindo maior tempo de perman\u00eancia e conforto ao paciente.<\/li>\n<li>Discutir estrat\u00e9gias para otimizar o tempo de execu\u00e7\u00e3o e reduzir tentativas malsucedidas de pun\u00e7\u00e3o.<\/li>\n<li>Abordar protocolos institucionais e fluxos de trabalho relacionados \u00e0 pun\u00e7\u00e3o e manuten\u00e7\u00e3o do acesso venoso perif\u00e9rico.<\/li>\n<li>Incentivar a elabora\u00e7\u00e3o e aplica\u00e7\u00e3o de planos de cuidado individualizados para pacientes com necessidades espec\u00edficas em terapia intravenosa.<\/li>\n<\/ol>\n<p><b>Conte\u00fado Program\u00e1tico<\/b><\/p>\n<ol>\n<li>Aspectos \u00e9ticos relacionados ao exerc\u00edcio profissional;<\/li>\n<li>Regulamenta\u00e7\u00e3o sobre a administra\u00e7\u00e3o de medicamentos;<\/li>\n<li>Recomenda\u00e7\u00f5es da Ag\u00eancia Nacional de Vigil\u00e2ncia Sanit\u00e1ria (ANVISA); Sociedade Brasileira de Geriatria e Gerontologia (SBGG); <em>Infusion Nurse Society <\/em>(INS); <em>Centers for Disease Control and Prevention <\/em>(CDC); <em>The Society for Healthcare Epidemiology of America <\/em>(SHEA); The Joint Commission; <em>Association for Professionals in Infection Control and Epidemiology <\/em>(APIC).<\/li>\n<li>Medidas de Preven\u00e7\u00e3o de Infec\u00e7\u00e3o Relacionada a\u0300 Assist\u00eancia a\u0300 Sa\u00fade;<\/li>\n<li>Conceitos b\u00e1sicos sobre anatomia\/ fisiologia dos sistemas tegumentar e vascular para pun\u00e7\u00e3o intravenosa perif\u00e9rica na administra\u00e7\u00e3o de medicamentos e coleta de exames laboratoriais;<\/li>\n<li>Locais indicados para pun\u00e7\u00e3o intravenosa perif\u00e9rica;\n<ul>\n<li>regi\u00e3o metacarpiana;<\/li>\n<li>fossa anticubital;\n<ul>\n<li>veia cef\u00e1lica;<\/li>\n<li>veia mediana;<\/li>\n<li>veia bas\u00edlica;<\/li>\n<\/ul>\n<\/li>\n<li>jugular externa (para enfermeiros e m\u00e9dicos);<\/li>\n<\/ul>\n<\/li>\n<li>Antiss\u00e9pticos\n<ul>\n<li>\u00e1lcool 70% e isoprop\u00edlico<\/li>\n<li>clorexidina alc\u00f3olica 2%<\/li>\n<li>PVPI alc\u00f3olico<\/li>\n<\/ul>\n<\/li>\n<li>Dispositivos intravenosos perif\u00e9ricos\n<ul>\n<li>scalp<\/li>\n<li>jelco<\/li>\n<li>agulhas a v\u00e1cuo<\/li>\n<\/ul>\n<\/li>\n<li>Indica\u00e7\u00f5es da pun\u00e7\u00e3o intravenosa perif\u00e9rica\n<ul>\n<li>coleta de exames de sangue para exames laboratoriais;<\/li>\n<li>administra\u00e7\u00e3o e infus\u00e3o de medicamentos;<\/li>\n<\/ul>\n<\/li>\n<li>Tipos de coletas de sangue;\n<ul>\n<li>coleta se sangue aberta;\n<ul>\n<li>coleta de sangue com scalp comum e seringa;<\/li>\n<\/ul>\n<\/li>\n<li>coleta se sangue fechada;\n<ul>\n<li>coleta de sangue com agulha a v\u00e1cuo;<\/li>\n<li>coleta de sangue com scalp a v\u00e1cuo;<\/li>\n<li>coleta de sangue com jelco e adaptador (<em>adapter luer vacutainer<\/em>);<\/li>\n<\/ul>\n<\/li>\n<li>Materiais para coleta de sangue\n<ul>\n<li>tubos para coleta de sangue;<\/li>\n<li>indica\u00e7\u00e3o das cores dos tubos para os exames laboratoriais;<\/li>\n<li>principais exames laboratoriais;<\/li>\n<li>manejo dos tubos;<\/li>\n<\/ul>\n<\/li>\n<li>Pun\u00e7\u00e3o intravenosa perif\u00e9rica para administra\u00e7\u00e3o de medicamentos;\n<ul>\n<li>pun\u00e7\u00e3o com scalp;<\/li>\n<li>pun\u00e7\u00e3o com jelco;<\/li>\n<\/ul>\n<\/li>\n<\/ul>\n<\/li>\n<li>Uso do ultrassom beira leito\n<ul>\n<li>defini\u00e7\u00e3o e finalidade<\/li>\n<li>princ\u00edpios b\u00e1sicos<\/li>\n<li>t\u00e9cnicas de visualiza\u00e7\u00e3o\n<ul>\n<li>eixo transversal<\/li>\n<li>eixo longo<\/li>\n<\/ul>\n<\/li>\n<li>cuidados e recomenda\u00e7\u00f5es<\/li>\n<\/ul>\n<\/li>\n<li>Pun\u00e7\u00e3o guiada por ultrassom;\n<ul>\n<li>pun\u00e7\u00e3o com jelco;<\/li>\n<\/ul>\n<\/li>\n<li>Protocolos: indica\u00e7\u00e3o, inser\u00e7\u00e3o, manuten\u00e7\u00e3o, preven\u00e7\u00e3o, tratamento de complica\u00e7\u00f5es e mo\u00e7\u00e3o de dispositivos;<\/li>\n<li>Manejo dos dispositivos perif\u00e9ricos: agulhas a v\u00e1cuo, cateter agulhado (scalp) e cateter sobre agulha (jelco);<\/li>\n<li>Manejo dos dispositivos para preparo, administra\u00e7\u00e3o e infus\u00e3o de medicamentos;\n<ul>\n<li>estensores;\n<ul>\n<li>uma via<\/li>\n<li>duas vias<\/li>\n<\/ul>\n<\/li>\n<li>equipos\n<ul>\n<li>equipo simples<\/li>\n<li>de bomba de infus\u00e3o<\/li>\n<li>fotossens\u00edvel<\/li>\n<li>NPT<\/li>\n<\/ul>\n<\/li>\n<li>coberturas est\u00e9reis transparentes, esparadrapo e micropore;<\/li>\n<li><em>treeway<\/em> (torneirinha)<\/li>\n<li>seringas<\/li>\n<li>cone luer<\/li>\n<\/ul>\n<\/li>\n<li>Indica\u00e7\u00f5es, contraindica\u00e7\u00f5es e vantagens da via endovenosa;<\/li>\n<li>Teoria, simula\u00e7\u00e3o e pr\u00e1tica;<\/li>\n<li>Pr\u00e1ticas Baseadas em Evid\u00eancias- PBE<\/li>\n<li>Novas atualiza\u00e7\u00f5es e principais recomenda\u00e7\u00f5es;<\/li>\n<li>Esta\u00e7\u00e3o Pr\u00e1tica 1: pun\u00e7\u00e3o para administra\u00e7\u00e3o de medicamentos intravenosos;<\/li>\n<li>Esta\u00e7\u00e3o Pr\u00e1tica 2: pun\u00e7\u00e3o para coleta de exames laboratoriais (CONTE\u00daDO EXTRA);<\/li>\n<li>Esta\u00e7\u00e3o Pr\u00e1tica Simulada 3: pun\u00e7\u00e3o de veia jugular externa em simuladores (exclusivo para profissionais enfermeiros e m\u00e9dicos);<\/li>\n<\/ol>\n<p><strong>Facilitadores<\/strong><\/p>\n<p><strong>Coordenadora:<\/strong> Profa. Dra. Julyana Freitas.<\/p>\n<p><strong>Facilitador:<\/strong> Enf.\u00ba Ac\u00e1ssio Ferreira de Holanda<\/p>\n<p>Graduado em Enfermagem pelo Centro Universit\u00e1rio Est\u00e1cio do Cear\u00e1. Especialista em Terapia Vascular pela <em>Universit\u00e8<\/em> Paris Descartes V. P\u00f3s- graduando Urg\u00eancia e Emerg\u00eancia pela JF Servi\u00e7os Educacionais em Sa\u00fade. P\u00f3s- graduado em Acessos Vasculares e Terapia Infunsional e habilitado para inser\u00e7\u00e3o de PICC pelo Hospital Israelita de Ensino e Pesquisa Albert Einstein. T\u00e9cnico de Laborat\u00f3rio em An\u00e1lises Cl\u00ednicas. Pesquisador com \u00eanfase nas linhas de pesquisas na \u00e1rea de tecnologias educacionais para enfermagem, constru\u00e7\u00e3o e valida\u00e7\u00e3o de tecnologias educacionais.<\/p>\n<p><b>Investimento<\/b><\/p>\n<p>R$ 398,00 (trezentos e noventa e oito reais)<\/p>\n<p><strong>ORIENTA\u00c7\u00d5ES GERAIS<\/strong><\/p>\n<p>CURSOS LIVRES<\/p>\n<ol>\n<li style=\"list-style-type: none;\">\n<ol>\n<li>As inscri\u00e7\u00f5es ser\u00e3o realizadas at\u00e9 o \u00faltimo dia \u00fatil que antecede a data de in\u00edcio do curso, e se houver vaga. Caso a quantidade de pagantes ultrapasse o n\u00famero de vagas, o valor integral ser\u00e1 devolvido ao \u00faltimo participante inscrito;<\/li>\n<li>A realiza\u00e7\u00e3o do curso est\u00e1 sujeita a forma\u00e7\u00e3o de turma, com n\u00famero igual ou superior aos gastos estipulados pela empresa. A n\u00e3o forma\u00e7\u00e3o de turma est\u00e1 sujeita a devolu\u00e7\u00e3o do valor integral de da inscri\u00e7\u00e3o;<\/li>\n<li>A desist\u00eancia dever\u00e1 ser comunicada por e-mail (jf@jfservicoseducacionais.com.br) at\u00e9 72(setenta e duas) horas antes do in\u00edcio do curso. Ap\u00f3s esse prazo ser\u00e1 devolvido 70% (setenta por cento) do valor e ap\u00f3s o in\u00edcio do curso n\u00e3o h\u00e1 devolu\u00e7\u00e3o e\/ou estorno. No e-mail deve ser informado os dados banc\u00e1rios do aluno com o devido CPF e nome completo, e anexado o comprovante de pagamento para devolu\u00e7\u00e3o e\/ou estorno no caso de pagamento por meio de cart\u00e3o de cr\u00e9dito. A devolu\u00e7\u00e3o e\/ou estorno ser\u00e1 feita at\u00e9 3 (tr\u00eas) dias \u00fateis ap\u00f3s o recebimento do e-mail.<\/li>\n<li><b>DIREITO AO USO DA IMAGEM<\/b><b>\u00a0\u2013\u00a0<\/b>O(A)<b>\u00a0inscrito(a)\u00a0<\/b>cede expressa e gratuitamente ao Centro de Ensino e Simula\u00e7\u00e3o em Sa\u00fade \u2013 JF o direito de uso de sua imagem ou do benefici\u00e1rio (Aluno) pelo qual \u00e9 respons\u00e1vel legal, para figurar, individual ou coletivamente, em campanhas institucionais ou publicit\u00e1rias do Centro de Ensino e Simula\u00e7\u00e3o em Sa\u00fade \u2013 JF, para todos os efeitos legais, observada a moral e os bons costumes.<\/li>\n<\/ol>\n<p>ORIENTA\u00c7\u00d5ES ESPEC\u00cdFICAS<\/p>\n<ol>\n<li>As aulas EAD (www.eadjf.com.br) ficar\u00e3o dispon\u00edveis no per\u00edodo de realiza\u00e7\u00e3o do curso, bem como as aulas remotas que ser\u00e3o enviadas (link privado), se for o caso, para o e-mail cadastrado de cada aluno inscrito, sabendo que n\u00e3o \u00e9 permitido compartilhar este conte\u00fado a terceiros;<\/li>\n<li>Para o recebimento do certificado, \u00e9 necess\u00e1rio a participa\u00e7\u00e3o m\u00ednima em 75% das aulas remotas, presenciais e EAD.<\/li>\n<\/ol>\n<\/li>\n<\/ol>\n<p>&nbsp;<\/p>\n<p><strong>Dra. Julyana Freitas<br \/>\n<\/strong>Dire\u00e7\u00e3o Geral<\/p>\n","protected":false},"excerpt":{"rendered":"<ul>\n<li><strong>Data:\u00a0 <\/strong>30\/11\/2025\u00a0 das\u00a0 08h \u00e0s 17h no Centro de Simula\u00e7\u00e3o JF + Conte\u00fado Online.<\/li>\n<\/ul>\n<p><strong>Endere\u00e7o:\u00a0<\/strong>Rua Ab\u00edlio Martins n\u00ba 900, Parquel\u00e2ndia.<\/p>\n<p><strong>P\u00fablico-alvo:<\/strong> Acad\u00eamicos e Profissionais de Enfermagem, Curso t\u00e9cnico, Farm\u00e1cia, Biomedicina Enfermeiros, Farmac\u00eauticos e Residentes<\/p>\n<p><strong>CONTE\u00daDO EXTRA:<\/strong> Pun\u00e7\u00e3o para Coleta de Exames Laboratoriais<\/p>\n<p><strong>Modalidade:<\/strong> H\u00edbrido<\/p>\n<p><strong>Carga-hor\u00e1ria:<\/strong> 40h\/a<\/p>\n<p><strong>Certificado:<\/strong> A certifica\u00e7\u00e3o ser\u00e1 concedida ao aluno que completar a carga hor\u00e1ria de no m\u00ednimo 75% do curso.<\/p>\n<p><strong>N\u00ba de alunos: <\/strong>no m\u00ednimo 10 alunos e no m\u00e1ximo 20 alunos.<\/p>\n","protected":false},"featured_media":11816,"comment_status":"open","ping_status":"closed","template":"","meta":{"_acf_changed":false},"product_brand":[],"product_cat":[147],"product_tag":[],"class_list":{"0":"post-11725","1":"product","2":"type-product","3":"status-publish","4":"has-post-thumbnail","6":"product_cat-livre-em-oferta","8":"first","9":"instock","10":"downloadable","11":"virtual","12":"purchasable","13":"product-type-simple"},"acf":[],"_links":{"self":[{"href":"https:\/\/jfsimulacaosaude.com.br\/site\/wp-json\/wp\/v2\/product\/11725","targetHints":{"allow":["GET"]}}],"collection":[{"href":"https:\/\/jfsimulacaosaude.com.br\/site\/wp-json\/wp\/v2\/product"}],"about":[{"href":"https:\/\/jfsimulacaosaude.com.br\/site\/wp-json\/wp\/v2\/types\/product"}],"replies":[{"embeddable":true,"href":"https:\/\/jfsimulacaosaude.com.br\/site\/wp-json\/wp\/v2\/comments?post=11725"}],"wp:featuredmedia":[{"embeddable":true,"href":"https:\/\/jfsimulacaosaude.com.br\/site\/wp-json\/wp\/v2\/media\/11816"}],"wp:attachment":[{"href":"https:\/\/jfsimulacaosaude.com.br\/site\/wp-json\/wp\/v2\/media?parent=11725"}],"wp:term":[{"taxonomy":"product_brand","embeddable":true,"href":"https:\/\/jfsimulacaosaude.com.br\/site\/wp-json\/wp\/v2\/product_brand?post=11725"},{"taxonomy":"product_cat","embeddable":true,"href":"https:\/\/jfsimulacaosaude.com.br\/site\/wp-json\/wp\/v2\/product_cat?post=11725"},{"taxonomy":"product_tag","embeddable":true,"href":"https:\/\/jfsimulacaosaude.com.br\/site\/wp-json\/wp\/v2\/product_tag?post=11725"}],"curies":[{"name":"wp","href":"https:\/\/api.w.org\/{rel}","templated":true}]}}