{"id":11097,"date":"2025-03-14T18:33:40","date_gmt":"2025-03-14T21:33:40","guid":{"rendered":"https:\/\/jfsimulacaosaude.com.br\/site\/?post_type=product&#038;p=11097"},"modified":"2025-07-29T09:56:34","modified_gmt":"2025-07-29T12:56:34","slug":"assumi-o-plantao-e-agora-praticas-avancadas-na-emergencia-t2","status":"publish","type":"product","link":"https:\/\/jfsimulacaosaude.com.br\/site\/produto\/assumi-o-plantao-e-agora-praticas-avancadas-na-emergencia-t2\/","title":{"rendered":"Assumi o Plant\u00e3o! E Agora? Pr\u00e1ticas Avan\u00e7adas na Emerg\u00eancia T2"},"content":{"rendered":"<p><strong>Objetivo:<\/strong><\/p>\n<p>O curso tem o objetivo de desenvolver as pr\u00e1ticas avan\u00e7adas de emerg\u00eancias que refor\u00e7am a atua\u00e7\u00e3o do profissional da sa\u00fade que atua no Atendimento Pr\u00e9 e Intra-Hospitalar, al\u00e9m de promover tomada de decis\u00f5es e reflex\u00f5es cr\u00edticas em n\u00edvel avan\u00e7ado nos cen\u00e1rios de aten\u00e7\u00e3o em sa\u00fade.<\/p>\n<p><strong>P\u00fablico-alvo<\/strong>:<\/p>\n<p>Profissionais da Sa\u00fade<\/p>\n<p><strong>Carga Hor\u00e1ria:<\/strong><\/p>\n<p>20h<\/p>\n<p><b>Modalidade:<\/b> Presencial\/Pr\u00e1tico<\/p>\n<p><strong>Dias<\/strong><\/p>\n<p>S\u00e1bado e Domingo das 8h \u00e0s 18h.<\/p>\n<p><b>Per\u00edodo:<\/b> 14 e 15\/06\/2025.<\/p>\n<p><strong>Local de Realiza\u00e7\u00e3o:<\/strong><\/p>\n<ul>\n<li><strong>Centro de Ensino e Simula\u00e7\u00e3o em Sa\u00fade (CESS &#8211; JF)<\/strong> (Rua Ab\u00edlio Martins, 900, Parquel\u00e2ndia)<\/li>\n<\/ul>\n<p><strong>Certifica\u00e7\u00e3o:<\/strong><\/p>\n<p>Ser\u00e1 fornecido certificado de participa\u00e7\u00e3o para todos os alunos que completarem no m\u00ednimo 75% da carga hor\u00e1ria do curso.<\/p>\n<p><strong>Conte\u00fado Program\u00e1tico (Esta\u00e7\u00f5es Pr\u00e1ticas)<\/strong><\/p>\n<ol>\n<li><strong> Anatomia e fisiologia da via a\u00e9rea;<\/strong><\/li>\n<li><strong> Uso de dispositivos adjuntos<\/strong><\/li>\n<\/ol>\n<p>2.1: CNF (C\u00e2nula Nasofar\u00edngea) e COF (C\u00e2nula Orofar\u00edngea);<\/p>\n<ol start=\"3\">\n<li><strong> Uso de dispositivos de via \u00e9rea avan\u00e7ada<\/strong><\/li>\n<\/ol>\n<p>3.1 M\u00e1scara Lar\u00edngea;<\/p>\n<p>3.2 Tubo Lar\u00edngeo;<\/p>\n<p>3.3 Laringoscopia e Papel da Equipe na Intuba\u00e7\u00e3o (Sequ\u00eancia R\u00e1pida de Intuba\u00e7\u00e3o &#8211; SRI)<\/p>\n<ol start=\"4\">\n<li><strong> Via a\u00e9rea cir\u00fargica;<\/strong><\/li>\n<\/ol>\n<p>4.1 Cricotireoidostomia por pun\u00e7\u00e3o;<\/p>\n<p>4.2 Cricotireoidostomia cir\u00fargica;<\/p>\n<ol start=\"5\">\n<li><strong> Laringoscopia direta;<\/strong><\/li>\n<\/ol>\n<p>5.1 Passagem de sonda por laringoscopia;<\/p>\n<p>5.2 Desobstru\u00e7\u00e3o de via \u00e1rea por laringoscopia com pin\u00e7a de Maguil;<\/p>\n<ol start=\"6\">\n<li><strong> Acessos Vasculares;<\/strong><\/li>\n<\/ol>\n<p>6.1 Pun\u00e7\u00e3o de Veia Jugular Externa;<\/p>\n<p>6.2 Acesso Intra\u00f3sseo;<\/p>\n<ol start=\"7\">\n<li><strong> Operacionaliza\u00e7\u00e3o do Desfibrilador Externo Autom\u00e1tico e Manual na Parada Cardiorrespirat\u00f3ria<\/strong><\/li>\n<\/ol>\n<p>7.1 Fases da Parada Card\u00edaca;<\/p>\n<p>7.2 An\u00e1lise dos ritmos card\u00edacos;<\/p>\n<p>7.3 Farmacologia de a\u00e7\u00e3o cardiovascular;<\/p>\n<p>7.4 Suporte avan\u00e7ado de vida;<\/p>\n<p><strong>Esta\u00e7\u00f5es pr\u00e1ticas simuladas:<\/strong><\/p>\n<p>1) Esta\u00e7\u00e3o pr\u00e1tica simulada de Manejo de Via A\u00e9rea;<\/p>\n<p>2) Esta\u00e7\u00e3o pr\u00e1tica simulada de Cricotireoidostomia por Pun\u00e7\u00e3o;<\/p>\n<p>3) Esta\u00e7\u00e3o pr\u00e1tica simulada de Pun\u00e7\u00e3o de Veia Jugular Externa;<\/p>\n<p>4) Esta\u00e7\u00e3o pr\u00e1tica simulada de Pun\u00e7\u00e3o Intra\u00f3ssea;<\/p>\n<p>5) Esta\u00e7\u00e3o pr\u00e1tica simulada de Desfibrila\u00e7\u00e3o e Suporte Avan\u00e7ado de Vida;<\/p>\n<p>6) Esta\u00e7\u00e3o pr\u00e1tica simulada de Descompress\u00e3o Tor\u00e1cica por Agulha;<\/p>\n<p>*Todo conte\u00fado de acordo com as novas diretrizes do Conselho Federal de Enfermagem:<\/p>\n<ul>\n<li><strong> Resolu\u00e7\u00e3o Cofen n\u00ba 641\/2020.<\/strong><\/li>\n<\/ul>\n<p>&#8211; Utiliza\u00e7\u00e3o de Dispositivos Extragl\u00f3ticos (DEG) e outros procedimentos para acesso \u00e0 via a\u00e9rea, por Enfermeiros, nas situa\u00e7\u00f5es de urg\u00eancia e emerg\u00eancia, nos ambientes intra e pr\u00e9 hospitalares.<\/p>\n<ul>\n<li><strong>Resolu\u00e7\u00e3o Cofen n\u00ba 648\/2020.<\/strong><\/li>\n<\/ul>\n<p>&#8211; Disp\u00f5e sobre a normatiza\u00e7\u00e3o, capacita\u00e7\u00e3o e atua\u00e7\u00e3o do enfermeiro na realiza\u00e7\u00e3o da pun\u00e7\u00e3o intra\u00f3ssea em adultos e crian\u00e7as em situa\u00e7\u00f5es de urg\u00eancia e emerg\u00eancia pr\u00e9 e intra-hospitalares.<\/p>\n<ul>\n<li><strong>Resolu\u00e7\u00e3o Cofen n\u00ba 704\/2022.<\/strong><\/li>\n<\/ul>\n<p>-Atua\u00e7\u00e3o dos Profissionais de Enfermagem na utiliza\u00e7\u00e3o do equipamento de desfibrila\u00e7\u00e3o no cuidado ao indiv\u00edduo em parada cardiorrespirat\u00f3ria.<\/p>\n<ul>\n<li><strong>Parecer Cofen CT N\u00b0 45\/2013.<\/strong><\/li>\n<\/ul>\n<p>&#8211; Compete ao Enfermeiro a realiza\u00e7\u00e3o da pun\u00e7\u00e3o de veia jugular, desde que o profissional seja dotado de habilidade, compet\u00eancia t\u00e9cnica e cient\u00edfica que sustentem as prerrogativas da legisla\u00e7\u00e3o<\/p>\n<ul>\n<li><strong>Resolu\u00e7\u00e3o Cofen n\u00ba 723\/2023.<\/strong><\/li>\n<\/ul>\n<p>&#8211; Normatiza a atua\u00e7\u00e3o do enfermeiro na execu\u00e7\u00e3o do procedimento de descompress\u00e3o tor\u00e1cica por agulha e outros procedimentos<u>,<\/u>\u00a0em pacientes com agravos tor\u00e1cicos em risco de morte, no atendimento pr\u00e9-hospitalar m\u00f3vel.<\/p>\n<p><strong>*CONTE\u00daDO BASEADO NA RESOLU\u00c7\u00c3O QUE RECOMENDA \u00c0S INSTITUI\u00c7\u00d5ES DE SA\u00daDE UM PLANO DE REVALIDA\u00c7\u00c3O, NO M\u00c1XIMO, A CADA 02 ANOS OU A PARTIR DA \u00daLTIMA CERTIFICA\u00c7\u00c3O.<\/strong><\/p>\n<p><strong>*CRONOGRAMA SUJEITO A ALTERA\u00c7\u00d5ES.<br \/>\n<\/strong><\/p>\n<p>Facilitadores:<\/p>\n<p><strong>Enf.\u00ba Prof. Dra. Julyana Freitas e expertises na \u00e1rea.<\/strong><\/p>\n<p>Enfermeira pela Universidade Federal do Cear\u00e1 (2008). Mestrado e Doutorado pela Universidade Federal do Cear\u00e1 (2011\/2013). Especialista em Urg\u00eancia e Emerg\u00eancia pela ESP (Escola de Sa\u00fade P\u00fablica (2013). Especialista em Linhas de Cuidado em Enfermagem (Urg\u00eancia e Emerg\u00eancia) pela UFSC (Universidade de Santa Catarina)\/2014. Enfermeira Assistencial Servi\u00e7o de Atendimento M\u00f3vel (SAMU\/Fortaleza)\/2012 a 2014. Enfermeira Preceptora do N\u00facleo de Educa\u00e7\u00e3o Permanente do Servi\u00e7o de Atendimento M\u00f3vel (SAMU\/Fortaleza)\/2012 a 2014 e 2019\/2021. Enfermeira Assistencial na Unidade de Pronto Atendimento (UPA Canindezinho)\/2013 a 2015. Docente da Universidade de Fortaleza (UNIFOR) (2013\/atual). CEO do Centro de Ensino e Simula\u00e7\u00e3o em Sa\u00fade JF (2018\/atual). Especialista em Simula\u00e7\u00e3o Cl\u00ednica da Escola de Sa\u00fade P\u00fablica (ESP\/CE) (2021\/ atual).<\/p>\n<p><strong>Investimento:<\/strong><\/p>\n<p><b>Valor do Curso:<\/b> R$ 499,00 (quatrocentos e noventa e nove reais).<\/p>\n<p>*Alunos da P\u00f3s-Gradua\u00e7\u00e3o do <strong>Centro de Ensino e Simula\u00e7\u00e3o em Sa\u00fade (CESS &#8211; JF)<\/strong> ter\u00e3o direito a 20% de desconto. Para isso \u00e9 necess\u00e1rio entrar em contato com o\u00a0 para enviar um comprovante no WhatsApp (85) 991835387.<\/p>\n<p>*Os descontos concedidos n\u00e3o s\u00e3o cumulativos.<\/p>\n<p><strong>ORIENTA\u00c7\u00d5ES GERAIS<\/strong><\/p>\n<p>CURSOS LIVRES<\/p>\n<ol>\n<li>\n<ol>\n<li>As inscri\u00e7\u00f5es ser\u00e3o realizadas at\u00e9 o \u00faltimo dia \u00fatil que antecede a data de in\u00edcio do curso, e se houver vaga. Caso a quantidade de pagantes ultrapasse o n\u00famero de vagas, o valor integral ser\u00e1 devolvido ao \u00faltimo participante inscrito;<\/li>\n<li>A realiza\u00e7\u00e3o do curso est\u00e1 sujeita a forma\u00e7\u00e3o de turma, com n\u00famero igual ou superior aos gastos estipulados pela empresa. A n\u00e3o forma\u00e7\u00e3o de turma est\u00e1 sujeita a devolu\u00e7\u00e3o do valor integral de da inscri\u00e7\u00e3o;<\/li>\n<li>A desist\u00eancia dever\u00e1 ser comunicada por e-mail (jf@jfservicoseducacionais.com.br) at\u00e9 72(setenta e duas) horas antes do in\u00edcio do curso. Ap\u00f3s esse prazo ser\u00e1 devolvido 70% (setenta por cento) do valor e ap\u00f3s o in\u00edcio do curso n\u00e3o h\u00e1 devolu\u00e7\u00e3o e\/ou estorno. No e-mail deve ser informado os dados banc\u00e1rios do aluno com o devido CPF e nome completo, e anexado o comprovante de pagamento para devolu\u00e7\u00e3o e\/ou estorno no caso de pagamento por meio de cart\u00e3o de cr\u00e9dito. A devolu\u00e7\u00e3o e\/ou estorno ser\u00e1 feita at\u00e9 3 (tr\u00eas) dias \u00fateis ap\u00f3s o recebimento do e-mail.<\/li>\n<li><b>DIREITO AO USO DA IMAGEM<\/b><b>\u00a0\u2013\u00a0<\/b>O(A)<b>\u00a0inscrito(a)\u00a0<\/b>cede expressa e gratuitamente ao Centro de Ensino e Simula\u00e7\u00e3o em Sa\u00fade \u2013 JF o direito de uso de sua imagem ou do benefici\u00e1rio (Aluno) pelo qual \u00e9 respons\u00e1vel legal, para figurar, individual ou coletivamente, em campanhas institucionais ou publicit\u00e1rias do Centro de Ensino e Simula\u00e7\u00e3o em Sa\u00fade \u2013 JF, para todos os efeitos legais, observada a moral e os bons costumes.<\/li>\n<\/ol>\n<p>ORIENTA\u00c7\u00d5ES ESPEC\u00cdFICAS<\/p>\n<ol>\n<li>As aulas EAD (www.eadjf.com.br) ficar\u00e3o dispon\u00edveis no per\u00edodo de realiza\u00e7\u00e3o do curso, bem como as aulas remotas que ser\u00e3o enviadas (link privado), se for o caso, para o e-mail cadastrado de cada aluno inscrito, sabendo que n\u00e3o \u00e9 permitido compartilhar este conte\u00fado a terceiros;<\/li>\n<li>Para o recebimento do certificado, \u00e9 necess\u00e1rio a participa\u00e7\u00e3o m\u00ednima em 75% das aulas remotas, presenciais e EAD.<\/li>\n<\/ol>\n<\/li>\n<\/ol>\n<p>&nbsp;<\/p>\n<p><strong>Dra. Julyana Freitas<br \/>\n<\/strong>Dire\u00e7\u00e3o Geral<\/p>\n","protected":false},"excerpt":{"rendered":"<p><strong>Dias<\/strong><\/p>\n<p>S\u00e1bado e Domingo das 8h \u00e0s 18h.<\/p>\n<p><b>Per\u00edodo:<\/b> 14 e 15\/06\/2025.<\/p>\n<p><strong>Local de Realiza\u00e7\u00e3o:<\/strong><\/p>\n<ul>\n<li><strong>Centro de Ensino e Simula\u00e7\u00e3o em Sa\u00fade &#8211; JF<\/strong> (Rua Ab\u00edlio Martins, 900, Parquel\u00e2ndia)<\/li>\n<\/ul>\n","protected":false},"featured_media":11244,"comment_status":"open","ping_status":"closed","template":"","meta":{"_acf_changed":false},"product_brand":[],"product_cat":[146],"product_tag":[],"class_list":{"0":"post-11097","1":"product","2":"type-product","3":"status-publish","4":"has-post-thumbnail","6":"product_cat-livre-realizados","8":"first","9":"instock","10":"downloadable","11":"virtual","12":"purchasable","13":"product-type-simple"},"acf":[],"_links":{"self":[{"href":"https:\/\/jfsimulacaosaude.com.br\/site\/wp-json\/wp\/v2\/product\/11097","targetHints":{"allow":["GET"]}}],"collection":[{"href":"https:\/\/jfsimulacaosaude.com.br\/site\/wp-json\/wp\/v2\/product"}],"about":[{"href":"https:\/\/jfsimulacaosaude.com.br\/site\/wp-json\/wp\/v2\/types\/product"}],"replies":[{"embeddable":true,"href":"https:\/\/jfsimulacaosaude.com.br\/site\/wp-json\/wp\/v2\/comments?post=11097"}],"wp:featuredmedia":[{"embeddable":true,"href":"https:\/\/jfsimulacaosaude.com.br\/site\/wp-json\/wp\/v2\/media\/11244"}],"wp:attachment":[{"href":"https:\/\/jfsimulacaosaude.com.br\/site\/wp-json\/wp\/v2\/media?parent=11097"}],"wp:term":[{"taxonomy":"product_brand","embeddable":true,"href":"https:\/\/jfsimulacaosaude.com.br\/site\/wp-json\/wp\/v2\/product_brand?post=11097"},{"taxonomy":"product_cat","embeddable":true,"href":"https:\/\/jfsimulacaosaude.com.br\/site\/wp-json\/wp\/v2\/product_cat?post=11097"},{"taxonomy":"product_tag","embeddable":true,"href":"https:\/\/jfsimulacaosaude.com.br\/site\/wp-json\/wp\/v2\/product_tag?post=11097"}],"curies":[{"name":"wp","href":"https:\/\/api.w.org\/{rel}","templated":true}]}}