{"id":10964,"date":"2024-09-30T14:31:20","date_gmt":"2024-09-30T17:31:20","guid":{"rendered":"https:\/\/jfsimulacaosaude.com.br\/site\/?post_type=product&#038;p=10964"},"modified":"2024-11-20T09:53:45","modified_gmt":"2024-11-20T12:53:45","slug":"i-cinema-pipoca-e-emergencia","status":"publish","type":"product","link":"https:\/\/jfsimulacaosaude.com.br\/site\/produto\/i-cinema-pipoca-e-emergencia\/","title":{"rendered":"I Cinema, Pipoca e Emerg\u00eancia"},"content":{"rendered":"<p><a href=\"https:\/\/www.even3.com.br\/cinema-pipoca-e-emergencia-499937\"><img fetchpriority=\"high\" decoding=\"async\" class=\" wp-image-10966 alignleft\" src=\"https:\/\/jfsimulacaosaude.com.br\/site\/wp-content\/uploads\/2024\/09\/Design-sem-nome-3-300x120.jpg\" alt=\"\" width=\"390\" height=\"156\" srcset=\"https:\/\/jfsimulacaosaude.com.br\/site\/wp-content\/uploads\/2024\/09\/Design-sem-nome-3-300x120.jpg 300w, https:\/\/jfsimulacaosaude.com.br\/site\/wp-content\/uploads\/2024\/09\/Design-sem-nome-3-600x240.jpg 600w, https:\/\/jfsimulacaosaude.com.br\/site\/wp-content\/uploads\/2024\/09\/Design-sem-nome-3-1024x410.jpg 1024w, https:\/\/jfsimulacaosaude.com.br\/site\/wp-content\/uploads\/2024\/09\/Design-sem-nome-3-768x307.jpg 768w, https:\/\/jfsimulacaosaude.com.br\/site\/wp-content\/uploads\/2024\/09\/Design-sem-nome-3.jpg 1100w\" sizes=\"(max-width: 390px) 100vw, 390px\" \/><\/a><\/p>\n<p><b>I CINEMA, PIPOCA E EMERG\u00caNCIA<\/b><\/p>\n<p><b>Data:<\/b>\u00a026 de outubro de 2024<\/p>\n<p><b>Hor\u00e1rio:<\/b>\u00a08h30 \u00e0s 12h<\/p>\n<p><b>Local:\u00a0<\/b>Cine Del Paseo &#8211; SALA 01<\/p>\n<p><b>Endere\u00e7o:\u00a0<\/b>Av. Santos Dumont, 3131 &#8211; L3 &#8211; Aldeota, Fortaleza &#8211; CE, 60150-162<\/p>\n<p><b><i>Os inscritos ter\u00e3o direito a um combo (Pipoca + Refrigerante).<\/i><\/b><\/p>\n<p><a href=\"https:\/\/www.even3.com.br\/cinema-pipoca-e-emergencia-499937\"><strong>&gt;&gt;&gt;&gt;&gt;ADQUIRA SEU INGRESSO &#8211; CLIQUE AQUI&lt;&lt;&lt;&lt;&lt;<\/strong><\/a><\/p>\n<p><b>TEM\u00c1TICAS DOS TEASERS<\/b><\/p>\n<p><b>EPIS\u00d3DIO I:\u00a0<\/b>TCE NA PR\u00c1TICA<\/p>\n<p><b>Facilitadora:\u00a0<\/b>Prof. Dra. Julyana Freitas<\/p>\n<p>Enfermeira pela Universidade Federal do Cear\u00e1 (2008).<\/p>\n<p>Mestrado e Doutorado pela Universidade Federal do Cear\u00e1 (2011\/2013).<\/p>\n<p>Especialista em Urg\u00eancia e Emerg\u00eancia pela ESP (Escola de Sa\u00fade P\u00fablica (2013).<\/p>\n<p>Docente da Universidade de Fortaleza (UNIFOR) (2013\/2024).<\/p>\n<p>Enfermeira Emergencista Hospital Instituto Dr. Jos\u00e9 Frota (Atual)CEO do Centro de Ensino e Simula\u00e7\u00e3o em Sa\u00fade JF (2018\/atual).<\/p>\n<p>Especialista em Simula\u00e7\u00e3o Cl\u00ednica da Escola de Sa\u00fade P\u00fablica (ESP\/CE) (2021\/ atual).<\/p>\n<p><b>EPIS\u00d3DIO II:<\/b>\u00a0INSUFICI\u00caNCIA RESPIRAT\u00d3RIA AGUDA<\/p>\n<p><b>Facilitador:\u00a0<\/b>Prof. Ms. Raphael Colares<\/p>\n<p>Graduado em Enfermagem pela Universidade de Fortaleza \u2013 UNIFOR. Especialista em Transplante de \u00d3rg\u00e3os e Tecidos pelo programa de Resid\u00eancia Integrada Multiprofissional do Hospital Universit\u00e1rio Walter Cant\u00eddio\/UFC. Especialista em Urg\u00eancia e Emerg\u00eancia Pr\u00e9-Hospitalar pelo Centro Universit\u00e1rio Christus \u2013 UNICHRISTUS. Mestre em Ensino em Sa\u00fade pelo Centro Universit\u00e1rio Christus \u2013 UNICHRISTUS. Enfermeiro Assistencial da Emerg\u00eancia do Instituto Dr. Jos\u00e9 Frota \u2013 IJF e Docente da Gradua\u00e7\u00e3o em Enfermagem do Centro Universit\u00e1rio Christus \u2013 UNICHRISTUS. Professor de P\u00f3s-Gradua\u00e7\u00e3o nas \u00e1reas de Terapia Intensiva, Urg\u00eancia e Emerg\u00eancia e Cl\u00ednica M\u00e9dico-Cir\u00fargica.<\/p>\n<p><b>EPIS\u00d3DIO III:\u00a0<\/b>MANEJO DE VIA A\u00c9REA<\/p>\n<p><b>Facilitadora:\u00a0<\/b>Profa. Ms. Wilcilene Oliveira<\/p>\n<p>Mestre em Tecnologia e Inova\u00e7\u00e3o em Enfermagem \u2013 UNIFOR<\/p>\n<p>Especialista em Urg\u00eancia e Emerg\u00eancia pela Faculdade Integrada VMA.<\/p>\n<p>Enfermeira da Central de Material e Esteriliza\u00e7\u00e3o \u2013 Hospital Dr. Argeu Braga Herbster.<\/p>\n<p>Instrutora em Simula\u00e7\u00e3o Cl\u00ednica e Real\u00edstica (Laerdal Medical e Area Training &amp; Consulting);<\/p>\n<p>Facilitadora do NEP SAMU 192 \u2013 Regional Fortaleza.<\/p>\n<p>Enfermeira Intervencionista SAMU 192 \u2013 Regional Fortaleza.<\/p>\n<p><b>CATEGORIA DO EVENTO:\u00a0<\/b>CURSOS LIVRES<\/p>\n<p><b>ORIENTA\u00c7\u00d5ES GERAIS<\/b><\/p>\n<p>As inscri\u00e7\u00f5es ser\u00e3o realizadas at\u00e9 o \u00faltimo dia \u00fatil que antecede a data de in\u00edcio do evento, e se houver vaga. Caso a quantidade de pagantes ultrapasse o n\u00famero de vagas, o valor integral ser\u00e1 devolvido ao \u00faltimo participante inscrito;<\/p>\n<p>A realiza\u00e7\u00e3o do evento est\u00e1 sujeita a forma\u00e7\u00e3o de turma, com n\u00famero igual ou superior aos gastos estipulados pela empresa. A n\u00e3o forma\u00e7\u00e3o de turma est\u00e1 sujeita a devolu\u00e7\u00e3o do valor integral de da inscri\u00e7\u00e3o;<\/p>\n<p>A desist\u00eancia dever\u00e1 ser comunicada por e-mail (jf@jfservicoseducacionais.com.br) at\u00e9 72(setenta e duas) horas antes do in\u00edcio do curso. Ap\u00f3s esse prazo ser\u00e1 devolvido 70% (setenta por cento) do valor e ap\u00f3s o in\u00edcio do curso n\u00e3o h\u00e1 devolu\u00e7\u00e3o e\/ou estorno. No e-mail deve ser informado os dados banc\u00e1rios do aluno com o devido CPF e nome completo, e anexado o comprovante de pagamento para devolu\u00e7\u00e3o e\/ou estorno no caso de pagamento por meio de cart\u00e3o de cr\u00e9dito. A devolu\u00e7\u00e3o e\/ou estorno ser\u00e1 feita at\u00e9 3 (tr\u00eas) dias \u00fateis ap\u00f3s o recebimento do e-mail.<\/p>\n<p>&nbsp;<\/p>\n","protected":false},"excerpt":{"rendered":"<p><b><img decoding=\"async\" class=\"size-medium wp-image-10966 alignright\" src=\"https:\/\/jfsimulacaosaude.com.br\/site\/wp-content\/uploads\/2024\/09\/Design-sem-nome-3-300x120.jpg\" alt=\"\" width=\"300\" height=\"120\" srcset=\"https:\/\/jfsimulacaosaude.com.br\/site\/wp-content\/uploads\/2024\/09\/Design-sem-nome-3-300x120.jpg 300w, https:\/\/jfsimulacaosaude.com.br\/site\/wp-content\/uploads\/2024\/09\/Design-sem-nome-3-600x240.jpg 600w, https:\/\/jfsimulacaosaude.com.br\/site\/wp-content\/uploads\/2024\/09\/Design-sem-nome-3-1024x410.jpg 1024w, https:\/\/jfsimulacaosaude.com.br\/site\/wp-content\/uploads\/2024\/09\/Design-sem-nome-3-768x307.jpg 768w, https:\/\/jfsimulacaosaude.com.br\/site\/wp-content\/uploads\/2024\/09\/Design-sem-nome-3.jpg 1100w\" sizes=\"(max-width: 300px) 100vw, 300px\" \/>I CINEMA, PIPOCA E EMERG\u00caNCIA<\/b><\/p>\n<p><b>Data:<\/b>\u00a026 de outubro de 2024<\/p>\n<p><b>Hor\u00e1rio:<\/b>\u00a08h30 \u00e0s 12h<\/p>\n<p><b>Local:\u00a0<\/b>Cine Del Paseo<\/p>\n<p><b>Endere\u00e7o:\u00a0<\/b>Av. Santos Dumont, 3131 &#8211; L3 &#8211; Aldeota, Fortaleza &#8211; CE, 60150-162<\/p>\n<p><b><i>Os inscritos ter\u00e3o direito a um combo (Pipoca + Refrigerante).<\/i><\/b><\/p>\n<p><a href=\"https:\/\/www.even3.com.br\/cinema-pipoca-e-emergencia-499937\"><strong>&gt;&gt;&gt;&gt;&gt;ADQUIRA SEU INGRESSO &#8211; CLIQUE AQUI&lt;&lt;&lt;&lt;&lt;<\/strong><\/a><\/p>\n","protected":false},"featured_media":10965,"comment_status":"open","ping_status":"closed","template":"","meta":{"_acf_changed":false},"product_brand":[],"product_cat":[146],"product_tag":[],"class_list":{"0":"post-10964","1":"product","2":"type-product","3":"status-publish","4":"has-post-thumbnail","6":"product_cat-livre-realizados","8":"first","9":"instock","10":"downloadable","11":"shipping-taxable","12":"product-type-simple"},"acf":[],"_links":{"self":[{"href":"https:\/\/jfsimulacaosaude.com.br\/site\/wp-json\/wp\/v2\/product\/10964","targetHints":{"allow":["GET"]}}],"collection":[{"href":"https:\/\/jfsimulacaosaude.com.br\/site\/wp-json\/wp\/v2\/product"}],"about":[{"href":"https:\/\/jfsimulacaosaude.com.br\/site\/wp-json\/wp\/v2\/types\/product"}],"replies":[{"embeddable":true,"href":"https:\/\/jfsimulacaosaude.com.br\/site\/wp-json\/wp\/v2\/comments?post=10964"}],"wp:featuredmedia":[{"embeddable":true,"href":"https:\/\/jfsimulacaosaude.com.br\/site\/wp-json\/wp\/v2\/media\/10965"}],"wp:attachment":[{"href":"https:\/\/jfsimulacaosaude.com.br\/site\/wp-json\/wp\/v2\/media?parent=10964"}],"wp:term":[{"taxonomy":"product_brand","embeddable":true,"href":"https:\/\/jfsimulacaosaude.com.br\/site\/wp-json\/wp\/v2\/product_brand?post=10964"},{"taxonomy":"product_cat","embeddable":true,"href":"https:\/\/jfsimulacaosaude.com.br\/site\/wp-json\/wp\/v2\/product_cat?post=10964"},{"taxonomy":"product_tag","embeddable":true,"href":"https:\/\/jfsimulacaosaude.com.br\/site\/wp-json\/wp\/v2\/product_tag?post=10964"}],"curies":[{"name":"wp","href":"https:\/\/api.w.org\/{rel}","templated":true}]}}