{"id":10528,"date":"2024-03-28T17:22:57","date_gmt":"2024-03-28T20:22:57","guid":{"rendered":"https:\/\/jfsimulacaosaude.com.br\/site\/product\/enfermagem-em-nefrologia\/"},"modified":"2024-11-20T09:51:33","modified_gmt":"2024-11-20T12:51:33","slug":"enfermagem-em-nefrologia","status":"publish","type":"product","link":"https:\/\/jfsimulacaosaude.com.br\/site\/produto\/enfermagem-em-nefrologia\/","title":{"rendered":"Enfermagem em Nefrologia"},"content":{"rendered":"<p><strong>P\u00d3S- GRADUA\u00c7\u00c3O EM ENFERMAGEM EM NEFROLOGIA<\/strong> \u2013 TURMA 01<\/p>\n<p><strong>Objetivo Geral:<\/strong><\/p>\n<p>Formar enfermeiros para o desempenho de suas atividades profissionais no cuidado ao paciente com quadro de inj\u00farias e\/ou insufici\u00eancias renais em todas as suas dimens\u00f5es, para atuar na nefrologia cl\u00ednica, hemodi\u00e1lise e transplante renal.<\/p>\n<p><strong>Objetivos Espec\u00edficos:<\/strong><\/p>\n<ul>\n<li>Contribuir com a forma\u00e7\u00e3o continuada de enfermeiros, oferecendo uma educa\u00e7\u00e3o de qualidade;<\/li>\n<li>Conhecer recursos t\u00e9cnicos e infraestrutura na \u00e1rea de enfermagem em nefrologia;<\/li>\n<li>Proporcionar aos enfermeiros o estudo sobre o campo das doen\u00e7as renais;<\/li>\n<li>Empregar o racioc\u00ednio cr\u00edtico na \u00e1rea de enfermagem em nefrologia adulta e pedi\u00e1trica com \u00eanfase no processo assistencial, privilegiando o enfoque human\u00edstico;<\/li>\n<li>Coordenar situa\u00e7\u00f5es e rotinas nas da equipe assistencial e dos cuidadores e familiares de pacientes da \u00e1rea de nefrologia.<\/li>\n<li>Promover a forma\u00e7\u00e3o continuada enfermeiros na perspectiva de uma educa\u00e7\u00e3o inclusiva, de forma a capacit\u00e1-los para atuar na elabora\u00e7\u00e3o de estrat\u00e9gias no estabelecimento de formas criativas das atividades de ensino aprendizagem e de prever proativamente as condi\u00e7\u00f5es necess\u00e1rias e as alternativas poss\u00edveis para o desenvolvimento adequado da enfermagem, no que diz respeito ao tratamento de pacientes renais.<\/li>\n<\/ul>\n<p><strong>P\u00daBLICO-ALVO:<\/strong> Graduados em Enfermagem.<\/p>\n<p><strong>ORGANIZA\u00c7\u00c3O DO CURSO:<\/strong> CENTRO DE ENSINO E SIMULA\u00c7\u00c3O EM SA\u00daDE &#8211; DRA. JULYANA FREITAS.<\/p>\n<p><strong>CHANCELA:<\/strong> FACULDADE INTEGRADA CETE &#8211; FIC (GARANHUS\/ PE) \u2013 POLO UNIVIRTUAL P\u00d3S-FIC.<\/p>\n<p>AUTORIZADA PELO MEC.<\/p>\n<p><strong>CARGA HOR\u00c1RIA TOTAL:<\/strong> 380 horas.<\/p>\n<p><strong>VAGAS:<\/strong> 50<\/p>\n<p><strong>COORDENA\u00c7\u00c3O GERAL:\u00a0<\/strong>Profa. Dra. Julyana Freitas<\/p>\n<ul>\n<li>Enfermeira pela Universidade Federal do Cear\u00e1 (2008).<\/li>\n<li>Mestrado e Doutorado pela Universidade Federal do Cear\u00e1 (2011\/2013).<\/li>\n<li>Especialista em Urg\u00eancia e Emerg\u00eancia pela ESP (Escola de Sa\u00fade P\u00fablica (2013).<\/li>\n<li>Docente da Universidade de Fortaleza (UNIFOR) (2013\/2024).<\/li>\n<li>Enfermeira Emergencista Hospital Instituto Dr. Jos\u00e9 Frota (Atual)CEO do Centro de Ensino e Simula\u00e7\u00e3o em Sa\u00fade JF (2018\/atual).<\/li>\n<li>Especialista em Simula\u00e7\u00e3o Cl\u00ednica da Escola de Sa\u00fade P\u00fablica (ESP\/CE) (2021\/ atual).<\/li>\n<\/ul>\n<p>Endere\u00e7o para acessar este CV: <a href=\"http:\/\/lattes.cnpq.br\/5653119015555717\">http:\/\/lattes.cnpq.br\/5653119015555717<\/a><\/p>\n<p><strong>COORDENA\u00c7\u00c3O DO CURSO:\u00a0<\/strong><\/p>\n<p><strong>Prof. Ms. Francisco Thiago Santos Salmito<\/strong><\/p>\n<p>Enfermeiro. Doutorado Renorbio (conclus\u00e3o) Mestrado em Ci\u00eancias Farmac\u00eauticas pela Universidade Federal do Cear\u00e1 (2015). Especialista em Enfermagem em Nefrologia pela Universidade Estadual do Cear\u00e1 (2013) Especialista em Enfermagem em UTI pela Universidade Estadual do Cear\u00e1 (2017) Gradua\u00e7\u00e3o em Enfermagem pela Universidade de Fortaleza (2011).<\/p>\n<p>Endere\u00e7o para acessar este CV: <a href=\"http:\/\/lattes.cnpq.br\/1454357650478081\">http:\/\/lattes.cnpq.br\/1454357650478081<\/a><\/p>\n<p><strong>PERIODICIDADE<\/strong>: Quinta (Aula ao Vivo &#8211; Remota) das 18h \u00e0s 22h, S\u00e1bado (Aula ao Vivo &#8211; Remota ou Telessimulada) das 8h \u00e0s 18h \u2013 1 vez por m\u00eas e aulas EAD e onlines com expertises na tem\u00e1tica.<br \/>\n<em>*Verificar cronograma com as datas dos encontros presenciais.<\/em><\/p>\n<p><strong>Local da aula presencial:<\/strong>\u00a0Centro de Simula\u00e7\u00e3o JF (Rua Ab\u00edlio Martins, 900 \u2013 Parquel\u00e2ndia).<\/p>\n<p><strong>IN\u00cdCIO PREVISTO: <\/strong>28\/11\/2024<\/p>\n<p><strong>T\u00c9RMINO PREVISTO:<\/strong> DEZ\/2025<\/p>\n<p><strong>Per\u00edodo de Matr\u00edcula:<\/strong> at\u00e9 14\/11\/2024\u00a0 \u00a0\u2013 Ser\u00e3o disponibilizadas vagas limitadas para o curso. A efetiva\u00e7\u00e3o da matr\u00edcula est\u00e1 condicionada ao pagamento da taxa e a entrega da documenta\u00e7\u00e3o.<\/p>\n<p><b>CONTE\u00daDO PROGRAM\u00c1TICO<\/b><\/p>\n<table width=\"626\">\n<tbody>\n<tr>\n<td width=\"308\">Perspectivas e Campo de Trabalho para Enfermeiro Nefrologista \/ Legisla\u00e7\u00e3o e Diretrizes em Nefrologia &#8211; 20h<\/td>\n<\/tr>\n<tr>\n<td width=\"308\">Anatomofisiopatologia Renal &#8211; 20h<\/td>\n<\/tr>\n<tr>\n<td width=\"308\">Abordagem Nutricional ao Doente Renal &#8211; 20h<\/td>\n<\/tr>\n<tr>\n<td width=\"308\">Ger\u00eancia de Enfermagem em Cl\u00ednica de Di\u00e1lise e Visita T\u00e9cnica &#8211; 20h<\/td>\n<\/tr>\n<tr>\n<td width=\"308\">Plano Nacional Seguran\u00e7a do Paciente e Indicadores de Qualidade, CCIH &#8211; 20h<\/td>\n<\/tr>\n<tr>\n<td width=\"308\">Terapia Renal Substitutiva (HD, DP, TX renal) &#8211; 20h<\/td>\n<\/tr>\n<tr>\n<td width=\"308\">Sistema Tratamento de \u00c1gua para Hemodi\u00e1lise- STDAH &#8211; 20h<\/td>\n<\/tr>\n<tr>\n<td width=\"308\">Hemodi\u00e1lise &#8211; 20h<\/td>\n<\/tr>\n<tr>\n<td width=\"308\">Profici\u00eancia I &#8211; Evento Cient\u00edfico e Cases de Sucesso na Nefrologia &#8211; 20h<\/td>\n<\/tr>\n<tr>\n<td width=\"308\">Farmacologia ao Doente Renal Cr\u00f4nico &#8211; 20h<\/td>\n<\/tr>\n<tr>\n<td width=\"308\">Transplante Renal &#8211; 20h<\/td>\n<\/tr>\n<tr>\n<td width=\"308\">Inj\u00faria Renal Aguda &#8211; 20h<\/td>\n<\/tr>\n<tr>\n<td width=\"308\">Urg\u00eancia e Emerg\u00eancia dial\u00edtica &#8211; 20h<\/td>\n<\/tr>\n<tr>\n<td width=\"308\">Profici\u00eancia II &#8211; Aplicabilidade\u00a0 de Interven\u00e7\u00e3o de Enfermagem em Nefrologia &#8211; 20h<\/td>\n<\/tr>\n<tr>\n<td width=\"308\">Est\u00e1gio &#8211; 100h<\/td>\n<\/tr>\n<\/tbody>\n<\/table>\n<p><strong>DOCUMENTOS NECESS\u00c1RIOS PARA MATR\u00cdCULA<\/strong><\/p>\n<p>\u2013 RG (c\u00f3pia autenticada ou c\u00f3pia com apresenta\u00e7\u00e3o do documento original);<\/p>\n<p>\u2013 CPF (c\u00f3pia autenticada ou c\u00f3pia com apresenta\u00e7\u00e3o do documento original);<\/p>\n<p>\u2013 Diploma do Curso Superior (c\u00f3pia autenticada ou c\u00f3pia com apresenta\u00e7\u00e3o do documento original);<\/p>\n<p>\u2013 Hist\u00f3rico Escolar do Curso Superior (c\u00f3pia autenticada ou c\u00f3pia com apresenta\u00e7\u00e3o do documento original);<\/p>\n<p>\u2013 Comprovante de resid\u00eancia (c\u00f3pia)<\/p>\n<p>\u2013 1 foto 3\u00d74<\/p>\n<p>\u2013 Comprovante de Pagamento da Taxa de Matr\u00edcula<\/p>\n<p>\u2013 Contrato Educacional assinado e disponibilizado na entrega da documenta\u00e7\u00e3o<\/p>\n<p><strong>LOCAL DE MATR\u00cdCULA<\/strong><\/p>\n<p>A matr\u00edcula poder\u00e1 ser efetivada com nossa equipe de consultores de segunda a sexta-feira, das 8h \u00e0s 12h e das 13h \u00e0s 17h e aos s\u00e1bados das 08h \u00e0s 12h.<\/p>\n<p><strong>Para mais informa\u00e7\u00f5es:\u00a0<\/strong>(85) 98832-7305 ou\u00a0<a href=\"mailto:jf@jfservicoseducacionais.com.br\">jf@jfservicoseducacionais.com.br<\/a><\/p>\n<p><strong>INVESTIMENTO:<\/strong><\/p>\n<p>Matr\u00edcula de R$ 180,00 (cento e oitenta reais) \u00e0 vista ou R$ 190,00 (cento e noventa reais) no cart\u00e3o de cr\u00e9dito e 14 mensalidades de R$ 799,00 (setecentos e noventa e nove reais).<\/p>\n<p><strong>Op\u00e7\u00f5es de Planos das mensalidades com desconto:<\/strong><\/p>\n<p><strong>30% de desconto para Grupo de 05 (cinco) alunos: <\/strong>14 Parcelas de R$ 559,30 (at\u00e9 a data de vencimento)*<br \/>\n*ap\u00f3s o vencimento a mensalidade volta ao valor normal acrescida de multa e juros.<\/p>\n<p><strong>20% de desconto para Grupo de 03 (tr\u00eas) alunos:\u00a0<\/strong>14 Parcelas de R$ 639,20 (at\u00e9 a data de vencimento)*<br \/>\n*ap\u00f3s o vencimento a parcela volta ao valor normal acrescido de multa e juros.<\/p>\n<p><strong>Obs\u00b9:\u00a0<\/strong>Para ter o desconto concedido, o respons\u00e1vel pelo grupo dever\u00e1 informar o nome completo, telefone e e-mail de todos da sua turma e apresentar o comprovante de transfer\u00eancia do valor referente a matr\u00edcula via whastapp ou e-mail.<\/p>\n<p><strong>Obs\u00b2:<\/strong>\u00a0O desconto n\u00e3o \u00e9 aplicado na taxa de matr\u00edcula. No caso de desist\u00eancia n\u00e3o h\u00e1 devolu\u00e7\u00e3o da taxa de matr\u00edcula.<\/p>\n<p><strong>Empresas e conselhos conveniados: Desconto especial<\/strong>*.<\/p>\n<p>*Entrar em contato com o nosso time de sucesso.<\/p>\n<p><strong>DADOS BANC\u00c1RIOS<\/strong><\/p>\n<p><strong>Banco Bradesco<\/strong><\/p>\n<p><strong>Ag\u00eancia:<\/strong>\u00a05447<\/p>\n<p><strong>Conta corrente:<\/strong>\u00a010451-5<\/p>\n<p><strong>Favorecido:<\/strong>\u00a0Julyana Gomes Freitas \u2013 ME<\/p>\n<p><strong>CNPJ:<\/strong>\u00a031.822.970\/0001-04\u00a0<strong>(Chave PIX)<\/strong><\/p>\n<p><strong><u>B\u00d4NUS<\/u><\/strong><\/p>\n<ol>\n<li>Grupo fechado do WhatsApp com divulga\u00e7\u00e3o de protocolos e atualiza\u00e7\u00f5es do per\u00edodo e sorteio de vagas em eventos, livros, webinars, congressos e parcerias da JF;<\/li>\n<li>Resolu\u00e7\u00f5es de quest\u00f5es com gamifica\u00e7\u00f5es voltadas para concursos na \u00e1rea de Nefrologia;<\/li>\n<li>Workshop: Como empreender na \u00e1rea da Nefrologia?<\/li>\n<li>Indica\u00e7\u00e3o de vagas para o mercado de trabalho.<\/li>\n<\/ol>\n<p><strong><u>OBSERVA\u00c7\u00d5ES IMPORTANTES:<\/u><\/strong><\/p>\n<ol>\n<li>A partir da Resolu\u00e7\u00e3o <a href=\"https:\/\/blog-static.infra.grancursosonline.com.br\/wp-content\/uploads\/2021\/05\/24143909\/CNE_CES_01.pdf\">CNE\/CES 01 de 06\/04\/2018<\/a> o TCC \u2013 Trabalho de Conclus\u00e3o de Curso tornou-se opcional na p\u00f3s-gradua\u00e7\u00e3o <em>lato-sensu<\/em> para que esses programas pudessem se destinar integralmente ao seu principal objetivo: capacitar indiv\u00edduos de maneira pr\u00e1tica, em uma determinada \u00e1rea de atua\u00e7\u00e3o. Dessa forma, nossa grade n\u00e3o contempla o referido trabalho. Aqueles alunos que desejarem, poder\u00e3o entrar em contato com a nossa equipe de sucesso e solicitar a inclus\u00e3o na grade, de forma que passar\u00e1 por uma an\u00e1lise da coordena\u00e7\u00e3o, sendo assim acertado um valor adicional, de total responsabilidade do aluno.<\/li>\n<li>O cronograma est\u00e1 sujeito a altera\u00e7\u00f5es nas datas, como tamb\u00e9m a grade de facilitadores e local.<\/li>\n<li>O <strong>Est\u00e1gio Supervisionado <\/strong>est\u00e1 condicionado a libera\u00e7\u00e3o por parte das Institui\u00e7\u00f5es parceiras. No caso da n\u00e3o disponibilidade da institui\u00e7\u00f5es, as atividades poder\u00e3o ser transformadas em Simula\u00e7\u00e3o Cl\u00ednica com assuntos diretamente relacionados ao Campo de Est\u00e1gio.<\/li>\n<\/ol>\n","protected":false},"excerpt":{"rendered":"<p><strong>Objetivo Geral:<\/strong><\/p>\n<p>Formar enfermeiros para o desempenho de suas atividades profissionais no cuidado ao paciente com quadro de inj\u00farias e\/ou insufici\u00eancias renais em todas as suas dimens\u00f5es, para atuar na nefrologia cl\u00ednica, hemodi\u00e1lise e transplante renal.<\/p>\n<p><strong>Objetivos Espec\u00edficos:<\/strong><\/p>\n<ul>\n<li>Contribuir com a forma\u00e7\u00e3o continuada de enfermeiros, oferecendo uma educa\u00e7\u00e3o de qualidade;<\/li>\n<li>Conhecer recursos t\u00e9cnicos e infraestrutura na \u00e1rea de enfermagem em nefrologia;<\/li>\n<li>Proporcionar aos enfermeiros o estudo sobre o campo das doen\u00e7as renais;<\/li>\n<li>Empregar o racioc\u00ednio cr\u00edtico na \u00e1rea de enfermagem em nefrologia adulta e pedi\u00e1trica com \u00eanfase no processo assistencial, privilegiando o enfoque human\u00edstico;<\/li>\n<li>Coordenar situa\u00e7\u00f5es e rotinas nas da equipe assistencial e dos cuidadores e familiares de pacientes da \u00e1rea de nefrologia.<\/li>\n<li>Promover a forma\u00e7\u00e3o continuada enfermeiros na perspectiva de uma educa\u00e7\u00e3o inclusiva, de forma a capacit\u00e1-los para atuar na elabora\u00e7\u00e3o de estrat\u00e9gias no estabelecimento de formas criativas das atividades de ensino aprendizagem e de prever proativamente as condi\u00e7\u00f5es necess\u00e1rias e as alternativas poss\u00edveis para o desenvolvimento adequado da enfermagem, no que diz respeito ao tratamento de pacientes renais.<\/li>\n<\/ul>\n<p><strong>P\u00daBLICO-ALVO:<\/strong> Graduados em Enfermagem.<\/p>\n","protected":false},"featured_media":10527,"comment_status":"open","ping_status":"closed","template":"","meta":{"_acf_changed":false},"product_brand":[],"product_cat":[153],"product_tag":[],"class_list":{"0":"post-10528","1":"product","2":"type-product","3":"status-publish","4":"has-post-thumbnail","6":"product_cat-pos-graduacao-realizados","8":"first","9":"instock","10":"downloadable","11":"virtual","12":"purchasable","13":"product-type-simple"},"acf":[],"_links":{"self":[{"href":"https:\/\/jfsimulacaosaude.com.br\/site\/wp-json\/wp\/v2\/product\/10528","targetHints":{"allow":["GET"]}}],"collection":[{"href":"https:\/\/jfsimulacaosaude.com.br\/site\/wp-json\/wp\/v2\/product"}],"about":[{"href":"https:\/\/jfsimulacaosaude.com.br\/site\/wp-json\/wp\/v2\/types\/product"}],"replies":[{"embeddable":true,"href":"https:\/\/jfsimulacaosaude.com.br\/site\/wp-json\/wp\/v2\/comments?post=10528"}],"wp:featuredmedia":[{"embeddable":true,"href":"https:\/\/jfsimulacaosaude.com.br\/site\/wp-json\/wp\/v2\/media\/10527"}],"wp:attachment":[{"href":"https:\/\/jfsimulacaosaude.com.br\/site\/wp-json\/wp\/v2\/media?parent=10528"}],"wp:term":[{"taxonomy":"product_brand","embeddable":true,"href":"https:\/\/jfsimulacaosaude.com.br\/site\/wp-json\/wp\/v2\/product_brand?post=10528"},{"taxonomy":"product_cat","embeddable":true,"href":"https:\/\/jfsimulacaosaude.com.br\/site\/wp-json\/wp\/v2\/product_cat?post=10528"},{"taxonomy":"product_tag","embeddable":true,"href":"https:\/\/jfsimulacaosaude.com.br\/site\/wp-json\/wp\/v2\/product_tag?post=10528"}],"curies":[{"name":"wp","href":"https:\/\/api.w.org\/{rel}","templated":true}]}}