{"id":10526,"date":"2024-03-28T17:22:51","date_gmt":"2024-03-28T20:22:51","guid":{"rendered":"https:\/\/jfsimulacaosaude.com.br\/site\/product\/formacao-de-cuidador-de-idoso\/"},"modified":"2024-05-14T10:15:04","modified_gmt":"2024-05-14T13:15:04","slug":"formacao-de-cuidador-de-idoso","status":"publish","type":"product","link":"https:\/\/jfsimulacaosaude.com.br\/site\/produto\/formacao-de-cuidador-de-idoso\/","title":{"rendered":"Forma\u00e7\u00e3o de Cuidador de Idoso"},"content":{"rendered":"<p><b>OBJETIVO GERAL:<\/b><\/p>\n<ul>\n<li style=\"font-weight: 400\"><span style=\"font-weight: 400\">Formar, em n\u00edvel profissional, cuidadores para atuar em institui\u00e7\u00f5es de longa perman\u00eancia para idosos (ILPI) ou domic\u00edlio, dispondo de t\u00e9cnica e conhecimento pertinente a sua qualifica\u00e7\u00e3o profissional.<\/span><\/li>\n<\/ul>\n<p><strong>Per\u00edodo de Realiza\u00e7\u00e3o:<\/strong> 07 a 30\/05\/2024 (Ter\u00e7as e quintas das 19h \u00e0s 21h30)<\/p>\n<p><strong>Formato:<\/strong> Presencial<\/p>\n<p>\u23f0 <strong>Carga Hor\u00e1ria:<\/strong> 100 horas\/ aula<\/p>\n<p><b>Certificado<\/b><span style=\"font-weight: 400\">: A certifica\u00e7\u00e3o ser\u00e1 concedida ao aluno que completar a carga hor\u00e1ria de no m\u00ednimo 75% do curso;<\/span><\/p>\n<p><b>N\u00ba de vagas: <\/b>20<\/p>\n<p><strong>CONTE\u00daDO PROGRAM\u00c1TICO:<\/strong><\/p>\n<p><strong>M\u00d3DULO I<\/strong><br \/>\nO profissional Cuidador<br \/>\nLeis de Prote\u00e7\u00e3o ao Idoso\/Estatuto do Idoso &#8211; Como o Idoso est\u00e1 amparado e seus direitos<br \/>\nA senesc\u00eancia e a senilidade<br \/>\n<strong>M\u00d3DULO II<\/strong><br \/>\nPrimeiros Socorros &#8211; Agilidade e Conhecimento que valem uma vida<br \/>\n<strong>M\u00d3DULO III<\/strong><br \/>\nA pessoa idosa independente &#8211; Um cuidador, um amigo.<br \/>\nA pessoa idosa semi-independente &#8211; Um cuidador, um auxiliar.<br \/>\nA pessoa idosa dependente &#8211; Um cuidador, um membro importante.<br \/>\nA pessoa idosa acamada &#8211; Um cuidador, um carinho.<br \/>\n<strong>M\u00d3DULO IV<\/strong><br \/>\nEst\u00e1gio Supervisionado<br \/>\n(Ocorrer\u00e1 na ILPI Lar da Imaculada, situada na Rua Tib\u00farcio Cavalcante, 1768, Aldeota, Fortaleza, sendo acertado dias e hor\u00e1rios com a institui\u00e7\u00e3o e com os alunos em Dupla ou Trio para melhor proveito).<br \/>\n<strong>M\u00d3DULO B\u00d4NUS<\/strong><br \/>\nPostura, \u00c9tica e atitude de um cuidador de excel\u00eancia<\/p>\n<p><strong>B\u00d4NUS:<\/strong><\/p>\n<p><strong>Manual<\/strong> &#8211; Cuidador de Idoso<\/p>\n<p><strong>FACILITADORES:<\/strong><\/p>\n<p><strong>Dr. Ruy Figueiredo, Enfermeiro<\/strong><\/p>\n<p>&#8211; Formado pelo Centro Universit\u00e1rio Est\u00e1cio<br \/>\n&#8211; P\u00f3s-graduando em Sa\u00fade Mental e Auditoria em Servi\u00e7o de Sa\u00fade pelo DNA<br \/>\n&#8211; Membro do GEPEESI-UFC (Grupo de Estudo e Pesquisa em Envelhecimento e Sa\u00fade do Idoso)<br \/>\n&#8211; Supervisor de cuidadoras na Real Servi\u00e7os e Cuidados<br \/>\n&#8211; Volunt\u00e1rio como Enfermeiro na ILPI Lar da Imaculada<\/p>\n<p><strong>Dra Lili Th\u00e9, Fisioterapeuta<\/strong><\/p>\n<p><span style=\"font-weight: 400\">\u00a0&#8211; Formada h\u00e1 33 anos com 20 anos de experi\u00eancia com Idosos<br \/>\n&#8211; Respons\u00e1vel T\u00e9cnica da ILPI Lar da Imaculada<br \/>\n&#8211; Fisioterapeuta no Hospital Jos\u00e9 Martiniano de Alencar<\/span><\/p>\n<p><strong>INVESTIMENTO:<\/strong><\/p>\n<p><strong>R$ 588,00 (quinhentos e oitenta e oito reais)<\/strong><\/p>\n<p><strong>ORIENTA\u00c7\u00d5ES GERAIS<\/strong><\/p>\n<p>CURSOS LIVRES<\/p>\n<ol>\n<li>\n<ol>\n<li style=\"font-weight: 400\"><span style=\"font-weight: 400\">As inscri\u00e7\u00f5es ser\u00e3o realizadas at\u00e9 o \u00faltimo dia \u00fatil que antecede a data de in\u00edcio do curso, e se houver vaga. Caso a quantidade de pagantes ultrapasse o n\u00famero de vagas, o valor integral ser\u00e1 devolvido ao \u00faltimo participante inscrito;<\/span><\/li>\n<li style=\"font-weight: 400\"><span style=\"font-weight: 400\">A realiza\u00e7\u00e3o do curso est\u00e1 sujeita a forma\u00e7\u00e3o de turma, com n\u00famero igual ou superior aos gastos estipulados pela empresa. A n\u00e3o forma\u00e7\u00e3o de turma est\u00e1 sujeita a devolu\u00e7\u00e3o do valor integral de da inscri\u00e7\u00e3o;<\/span><\/li>\n<li style=\"font-weight: 400\"><span style=\"font-weight: 400\">A desist\u00eancia dever\u00e1 ser comunicada por e-mail (<\/span><span style=\"font-weight: 400\">jf@jfservicoseducacionais.com.br<\/span><span style=\"font-weight: 400\">) at\u00e9 72(setenta e duas) horas antes do in\u00edcio do curso. Ap\u00f3s esse prazo ser\u00e1 devolvido 70% (setenta por cento) do valor e ap\u00f3s o in\u00edcio do curso n\u00e3o h\u00e1 devolu\u00e7\u00e3o e\/ou estorno. No e-mail deve ser informado os dados banc\u00e1rios do aluno com o devido CPF e nome completo, e anexado o comprovante de pagamento para devolu\u00e7\u00e3o e\/ou estorno no caso de pagamento por meio de cart\u00e3o de cr\u00e9dito. A devolu\u00e7\u00e3o e\/ou estorno ser\u00e1 feita at\u00e9 3 (tr\u00eas) dias \u00fateis ap\u00f3s o recebimento do e-mail.<\/span><\/li>\n<li style=\"font-weight: 400\"><b>DIREITO AO USO DA IMAGEM<\/b><b> \u2013 <\/b><span style=\"font-weight: 400\">O(A)<\/span><b> inscrito(a) <\/b><span style=\"font-weight: 400\">cede expressa e gratuitamente ao Centro de Ensino e Simula\u00e7\u00e3o em Sa\u00fade &#8211; JF o direito de uso de sua imagem ou do benefici\u00e1rio (Aluno) pelo qual \u00e9 respons\u00e1vel legal, para figurar, individual ou coletivamente, em campanhas institucionais ou publicit\u00e1rias do Centro de Ensino e Simula\u00e7\u00e3o em Sa\u00fade &#8211; JF, para todos os efeitos legais, observada a moral e os bons costumes.<\/span><\/li>\n<\/ol>\n<p><span style=\"font-weight: 400\">ORIENTA\u00c7\u00d5ES ESPEC\u00cdFICAS<\/span><\/p>\n<ol>\n<li style=\"font-weight: 400\"><span style=\"font-weight: 400\">As aulas EAD (www.eadjf.com.br) ficar\u00e3o dispon\u00edveis no per\u00edodo de realiza\u00e7\u00e3o do curso, bem como as aulas remotas que ser\u00e3o enviadas (link privado), se for o caso, para o e-mail cadastrado de cada aluno inscrito, sabendo que n\u00e3o \u00e9 permitido compartilhar este conte\u00fado a terceiros;<\/span><\/li>\n<li style=\"font-weight: 400\"><span style=\"font-weight: 400\">Para o recebimento do certificado, \u00e9 necess\u00e1rio a participa\u00e7\u00e3o m\u00ednima em 75% das aulas remotas, presenciais e EAD.<\/span><\/li>\n<\/ol>\n<\/li>\n<\/ol>\n<p>&nbsp;<\/p>\n<p><strong>Dra. Julyana Freitas<br \/>\n<\/strong>Dire\u00e7\u00e3o Geral<\/p>\n","protected":false},"excerpt":{"rendered":"<p><b>OBJETIVO GERAL:<\/b><\/p>\n<ul>\n<li style=\"font-weight: 400\"><span style=\"font-weight: 400\">Formar, em n\u00edvel profissional, cuidadores para atuar em institui\u00e7\u00f5es de longa perman\u00eancia para idosos (ILPI) ou domic\u00edlio, dispondo de t\u00e9cnica e conhecimento pertinente a sua qualifica\u00e7\u00e3o profissional.<\/span><\/li>\n<\/ul>\n<p><strong>Per\u00edodo de Realiza\u00e7\u00e3o:<\/strong> 07 a 30\/05\/2024 (Ter\u00e7as e quintas das 19h \u00e0s 21h30)<\/p>\n<p><strong>Formato:<\/strong> Presencial<\/p>\n<p>\u23f0 <strong>Carga Hor\u00e1ria:<\/strong> 100 horas\/ aula<\/p>\n","protected":false},"featured_media":10525,"comment_status":"open","ping_status":"closed","template":"","meta":{"_acf_changed":false},"product_brand":[],"product_cat":[146],"product_tag":[],"class_list":{"0":"post-10526","1":"product","2":"type-product","3":"status-publish","4":"has-post-thumbnail","6":"product_cat-livre-realizados","8":"first","9":"outofstock","10":"downloadable","11":"virtual","12":"purchasable","13":"product-type-simple"},"acf":[],"_links":{"self":[{"href":"https:\/\/jfsimulacaosaude.com.br\/site\/wp-json\/wp\/v2\/product\/10526","targetHints":{"allow":["GET"]}}],"collection":[{"href":"https:\/\/jfsimulacaosaude.com.br\/site\/wp-json\/wp\/v2\/product"}],"about":[{"href":"https:\/\/jfsimulacaosaude.com.br\/site\/wp-json\/wp\/v2\/types\/product"}],"replies":[{"embeddable":true,"href":"https:\/\/jfsimulacaosaude.com.br\/site\/wp-json\/wp\/v2\/comments?post=10526"}],"wp:featuredmedia":[{"embeddable":true,"href":"https:\/\/jfsimulacaosaude.com.br\/site\/wp-json\/wp\/v2\/media\/10525"}],"wp:attachment":[{"href":"https:\/\/jfsimulacaosaude.com.br\/site\/wp-json\/wp\/v2\/media?parent=10526"}],"wp:term":[{"taxonomy":"product_brand","embeddable":true,"href":"https:\/\/jfsimulacaosaude.com.br\/site\/wp-json\/wp\/v2\/product_brand?post=10526"},{"taxonomy":"product_cat","embeddable":true,"href":"https:\/\/jfsimulacaosaude.com.br\/site\/wp-json\/wp\/v2\/product_cat?post=10526"},{"taxonomy":"product_tag","embeddable":true,"href":"https:\/\/jfsimulacaosaude.com.br\/site\/wp-json\/wp\/v2\/product_tag?post=10526"}],"curies":[{"name":"wp","href":"https:\/\/api.w.org\/{rel}","templated":true}]}}