{"id":10491,"date":"2024-03-28T17:20:45","date_gmt":"2024-03-28T20:20:45","guid":{"rendered":"https:\/\/jfsimulacaosaude.com.br\/site\/product\/alta-performance-em-acessos-vasculares-e-coleta-e-interpretacao-de-exames-laboratoriais\/"},"modified":"2024-04-08T11:59:44","modified_gmt":"2024-04-08T14:59:44","slug":"alta-performance-em-acessos-vasculares-e-coleta-e-interpretacao-de-exames-laboratoriais","status":"publish","type":"product","link":"https:\/\/jfsimulacaosaude.com.br\/site\/produto\/alta-performance-em-acessos-vasculares-e-coleta-e-interpretacao-de-exames-laboratoriais\/","title":{"rendered":"Alta Performance em Acessos Vasculares e Coleta e Interpreta\u00e7\u00e3o de Exames Laboratoriais"},"content":{"rendered":"<p><strong>Objetivos:<\/strong><\/p>\n<ul>\n<li>Compreender a anatomia e fisiologia vascular e do sistema circulat\u00f3rio;<\/li>\n<li>Conhecer os dispositivos utilizados para pun\u00e7\u00e3o venosa e arterial;<\/li>\n<li>Conhecer as indica\u00e7\u00f5es e contraindica\u00e7\u00f5es da pun\u00e7\u00e3o venosa e arterial;<\/li>\n<li>Dominar t\u00e9cnicas seguras de pun\u00e7\u00e3o vascular;<\/li>\n<li>Identificar os locais indicados para a realiza\u00e7\u00e3o da coleta de sangue;<\/li>\n<li>Manusear dispositivos voltados para coleta de sangue;<\/li>\n<li>Dominar t\u00e9cnicas de coleta de sangue venoso e arterial;<\/li>\n<li>Conhecer os dispositivos invasivos utilizados para exames de sangue;<\/li>\n<li>Realizar coleta de sangue venoso e arterial para exames laboratoriais;<\/li>\n<li>Conhecer os principais exames laboratoriais realizados nas unidades de urg\u00eancia e emerg\u00eancia;<\/li>\n<li>Interpretar clinicamente os exames laboratoriais e realizar correla\u00e7\u00f5es cl\u00ednicas;<\/li>\n<li>Desenvolver habilidades espec\u00edficas para a alta performance e boas pr\u00e1ticas para pun\u00e7\u00e3o vascular, coleta de sangue e interpreta\u00e7\u00e3o de exames laboratoriais.<\/li>\n<\/ul>\n<p><strong>P\u00fablico Alvo: <\/strong>Acad\u00eamicos da sa\u00fade e profissionais de sa\u00fade (enfermagem, medicina, farm\u00e1cia e biomedicina);<\/p>\n<p><strong>Carga Hor\u00e1ria:<\/strong> 80H<\/p>\n<p><strong>Certifica\u00e7\u00e3o:<\/strong> Ser\u00e1 fornecido certificado de participa\u00e7\u00e3o para todos os alunos que completarem no m\u00ednimo 75% da carga hor\u00e1ria do curso.<\/p>\n<p><strong>Temas Abordados:<\/strong><\/p>\n<ul>\n<li><b>M\u00f3dulo 01: <\/b>Pr\u00e1ticas Avan\u00e7adas em Acessos Vasculares<span style=\"font-weight: 400;\"> (20h) &#8211; Prof. Ac\u00e1ssio Ferreira<br \/>\n<strong>Datas:\u00a0 \u00a0<\/strong> 08 e 09 de julho de 2022<br \/>\n<\/span><span style=\"font-weight: 400;\"><span style=\"font-weight: 400;\"><strong>Sexta-feira:<\/strong> 18h \u00e0s 22h (Via Google Meet)<br \/>\n<strong>S\u00e1bado:<\/strong> 8h \u00e0s 18h (Centro de Simula\u00e7\u00e3o JF &#8211; Rua Ab\u00edlio Martins, 900 &#8211; Parquel\u00e2ndia)<br \/>\nQuer fazer apenas o <strong>m\u00f3dulo 1<\/strong>? Clica aqui<\/span><\/span>&nbsp;<\/li>\n<li><b>M\u00f3dulo 02: <\/b>Boas Pr\u00e1ticas em Coleta de Exames Laboratoriais<b><span style=\"font-weight: 400;\"> (20h) &#8211; Prof. Ac\u00e1ssio Ferreira<br \/>\n<strong>Datas:\u00a0 <\/strong><\/span><\/b><span style=\"font-weight: 400;\">22<\/span>\u00a0<b><b><span style=\"font-weight: 400;\">e 23 de julho de 2022<br \/>\n<strong>Sexta-feira:<\/strong> 18h \u00e0s 22h (Via Google Meet)<br \/>\n<strong>S\u00e1bado:<\/strong> 8h \u00e0s 18h (Centro de Simula\u00e7\u00e3o JF &#8211; Rua Ab\u00edlio Martins, 900 &#8211; Parquel\u00e2ndia)<br \/>\nQuer fazer apenas o <strong>m\u00f3dulo 2<\/strong>? Clica aqui<\/span><\/b><\/b>&nbsp;<\/li>\n<li><b>M\u00f3dulo 03: <\/b><span style=\"font-weight: 400;\">Interpreta\u00e7\u00e3o Cl\u00ednica de Exames Laboratoriais (20h) &#8211; Prof. Raphael Colares.<\/span><span style=\"font-weight: 400;\"><span style=\"font-weight: 400;\"><br \/>\n<strong>Datas:\u00a0 <\/strong>05 e 06 de agosto de 2022<br \/>\n<strong>Sexta-feira:<\/strong> 18h \u00e0s 22h (Via Google Meet)<br \/>\n<strong>S\u00e1bado:<\/strong> 8h \u00e0s 18h (Centro de Simula\u00e7\u00e3o JF &#8211; Rua Ab\u00edlio Martins, 900 &#8211; Parquel\u00e2ndia)<br \/>\nQuer fazer apenas o<strong> m\u00f3dulo 3<\/strong>? Clica aqui<\/span><\/span>&nbsp;<\/li>\n<li><b>M\u00f3dulo 04: <\/b>Boas Pr\u00e1ticas em Terapia Infusional e Preven\u00e7\u00e3o de Infec\u00e7\u00f5es Relacionadas \u00e0 Dispositivos Vasculares<span style=\"font-weight: 400;\"> (20h) &#8211; Profs. Ac\u00e1ssio Ferreira e Raphael Colares.<br \/>\n<strong>Datas:\u00a0 <\/strong>09 e 10 de setembro de 2022<br \/>\n<\/span><span style=\"font-weight: 400;\"><strong>Sexta-feira:<\/strong> 18h \u00e0s 22h (Via Google Meet)<br \/>\n<strong>S\u00e1bado:<\/strong> 8h \u00e0s 18h (Centro de Simula\u00e7\u00e3o JF &#8211; Rua Ab\u00edlio Martins, 900 &#8211; Parquel\u00e2ndia)<br \/>\nQuer fazer apenas o <strong>m\u00f3dulo 4<\/strong>? <a href=\"https:\/\/jfservicoseducacionais.com.br\/produto\/gasometria-e-ventilacao-mecanica\/\">Clica aqui<\/a><\/span><\/li>\n<\/ul>\n<p><strong>Facilitadores<\/strong><\/p>\n<p><strong>Enf.\u00ba Prof. Raphael Colares de S\u00e1<\/strong><\/p>\n<p>Graduado em Enfermagem pela Universidade de Fortaleza \u2013 UNIFOR. Especialista em Transplante de \u00d3rg\u00e3os e Tecidos pelo programa de Resid\u00eancia Integrada Multiprofissional do Hospital Universit\u00e1rio Walter Cant\u00eddio\/UFC. Especialista em Urg\u00eancia e Emerg\u00eancia Pr\u00e9-Hospitalar pelo Centro Universit\u00e1rio Christus &#8211; UNICHRISTUS. Mestre em Ensino em Sa\u00fade pelo Centro Universit\u00e1rio Christus &#8211; UNICHRISTUS. Enfermeiro Assistencial da Emerg\u00eancia do Instituto Dr. Jos\u00e9 Frota &#8211; IJF e Docente da Gradua\u00e7\u00e3o em Enfermagem do Centro Universit\u00e1rio Christus &#8211; UNICHRISTUS. Professor de P\u00f3s-Gradua\u00e7\u00e3o nas \u00e1reas de Terapia Intensiva, Urg\u00eancia e Emerg\u00eancia e Cl\u00ednica M\u00e9dico-Cir\u00fargica.<\/p>\n<p><strong>\u00a0<\/strong><\/p>\n<p><strong>Enf.\u00ba Prof. Ac\u00e1ssio Ferreira de Holanda<\/strong><\/p>\n<p>Graduado em Enfermagem pelo Centro Universit\u00e1rio Est\u00e1cio do Cear\u00e1. Especialista em Terapia Vascular pela Universit\u00e8 Paris Descartes V. P\u00f3s-graduando Urg\u00eancia e Emerg\u00eancia pela JF Servi\u00e7os Educacionais em Sa\u00fade. P\u00f3s- graduando em Acessos Vasculares e Terapia Infunsional e Habilitado para<\/p>\n<p>inser\u00e7\u00e3o de PICC pelo Hospital Israelita de Ensino e Pesquisa Albert Einstein. Membro da <em>Infusion Nurse Society<\/em>&#8211; INS. T\u00e9cnico de Laborat\u00f3rio em An\u00e1lises Cl\u00ednicas. Pesquisador com \u00eanfase nas linhas de pesquisas na \u00e1rea de tecnologias educacionais para enfermagem, constru\u00e7\u00e3o e valida\u00e7\u00e3o de tecnologias educacionais.<\/p>\n<p>&nbsp;<\/p>\n<p><strong>AO FINAL DO CURSO O ALUNO SER\u00c1 CAPAZ DE:<\/strong><\/p>\n<ul>\n<li>Manusear os dispositivos e tecnologias utilizadas nos acessos vasculares e coleta de sangue venoso e arterial;<\/li>\n<li>Desenvolver habilidades espec\u00edficas de boas pr\u00e1ticas para coleta e interpreta\u00e7\u00e3o de exames laboratoriais em unidades de urg\u00eancia e emerg\u00eancia;<\/li>\n<li>Prevenir as mais diversas complica\u00e7\u00f5es voltadas para pun\u00e7\u00f5es vasculares e coleta de sangue venoso e arterial;<\/li>\n<li>Atuar de forma eficaz nas a\u00e7\u00f5es de preven\u00e7\u00e3o, tratamento e reabilita\u00e7\u00e3o do processo sa\u00fade-doen\u00e7a, prestando assist\u00eancia integral ao paciente;<\/li>\n<li>Estudar de maneira direcionada e com rotina \u00e0s atualiza\u00e7\u00f5es necess\u00e1rias e constantes;<\/li>\n<\/ul>\n<p><strong>\u00a0<\/strong><\/p>\n<p><strong>INFORMA\u00c7\u00d5ES IMPORTANTES<\/strong><\/p>\n<ul>\n<li>As informa\u00e7\u00f5es contidas nesse curso n\u00e3o interferem na conduta m\u00e9dica;<\/li>\n<li>Esse curso n\u00e3o habilita o profissional a fazer diagn\u00f3sticos nosol\u00f3gicos, emiss\u00f5es de laudos ou pareceres;<\/li>\n<li>A capacita\u00e7\u00e3o da equipe multiprofissional fornece subs\u00eddios de apoio \u00e0 assist\u00eancia prestada ao paciente.<\/li>\n<\/ul>\n<p><strong>Investimento<\/strong><br \/>\nR$ 1.199,00 (hum mil cento e noventa e nove reais)<\/p>\n<p>*Acad\u00eamicos da sa\u00fade e t\u00e9cnicos de enfermagem ter\u00e3o direito a 20% de desconto. Para isso \u00e9 necess\u00e1rio entrar em contato com a JF Servi\u00e7os Educacionais em Sa\u00fade e enviar um comprovante no WhatsApp (85) 98832.7305.<\/p>\n<p>*Os descontos concedidos n\u00e3o s\u00e3o cumulativos.<\/p>\n<p><strong>ORIENTA\u00c7\u00d5ES GERAIS<\/strong><\/p>\n<p>CURSOS LIVRES<\/p>\n<ol>\n<li>As inscri\u00e7\u00f5es ser\u00e3o realizadas at\u00e9 o \u00faltimo dia \u00fatil que antecede a data de in\u00edcio do curso, e se houver vaga. Caso a quantidade de pagantes ultrapasse o n\u00famero de vagas, o valor integral ser\u00e1 devolvido ao \u00faltimo participante inscrito;<\/li>\n<li>A realiza\u00e7\u00e3o do curso est\u00e1 sujeita a forma\u00e7\u00e3o de turma, com n\u00famero igual ou superior aos gastos estipulados pela empresa. A n\u00e3o forma\u00e7\u00e3o de turma est\u00e1 sujeita a devolu\u00e7\u00e3o do valor integral de da inscri\u00e7\u00e3o;<\/li>\n<li>A desist\u00eancia dever\u00e1 ser comunicada por e-mail (<a href=\"mailto:jf@jfservicoseducacionais.com.br\">jf@jfservicoseducacionais.com.br<\/a>) at\u00e9 72(setenta e duas) horas antes do in\u00edcio do curso. Ap\u00f3s esse prazo ser\u00e1 devolvido 70% (setenta por cento) do valor e ap\u00f3s o in\u00edcio do curso n\u00e3o h\u00e1 devolu\u00e7\u00e3o e\/ou estorno. No e-mail deve ser informado os dados banc\u00e1rios do aluno com o devido CPF e nome completo, e anexado o comprovante de pagamento para devolu\u00e7\u00e3o e\/ou estorno no caso de pagamento por meio de cart\u00e3o de cr\u00e9dito. A devolu\u00e7\u00e3o e\/ou estorno ser\u00e1 feita at\u00e9 3 (tr\u00eas) dias \u00fateis ap\u00f3s o recebimento do e-mail.<\/li>\n<\/ol>\n<p><strong>ORIENTA\u00c7\u00d5ES ESPEC\u00cdFICAS<\/strong><\/p>\n<ol>\n<li>As aulas remotas ser\u00e3o as sextas-feiras (ver cronograma). In\u00edcio: 18h \/ T\u00e9rmino: 22h;<\/li>\n<li>As aulas EAD (plataforma Google Classroom) ficar\u00e3o dispon\u00edveis no per\u00edodo do curso de realiza\u00e7\u00e3o do curso, bem como as aulas remotas que ser\u00e3o enviadas (link privado) para o e-mail cadastrado de cada aluno inscrito, sabendo que n\u00e3o \u00e9 permitido compartilhar este conte\u00fado a terceiros;<\/li>\n<li>Para o recebimento do certificado, \u00e9 necess\u00e1rio a participa\u00e7\u00e3o m\u00ednima em 75% das aulas remotas, presenciais e EAD.<\/li>\n<\/ol>\n<p>&nbsp;<\/p>\n<p><strong>Dra. Julyana Freitas<br \/>\n<\/strong>Dire\u00e7\u00e3o Geral<\/p>\n","protected":false},"excerpt":{"rendered":"<p><strong>Objetivos:<\/strong><\/p>\n<ul>\n<li>Compreender a anatomia e fisiologia vascular e do sistema circulat\u00f3rio;<\/li>\n<li>Conhecer os dispositivos utilizados para pun\u00e7\u00e3o venosa e arterial;<\/li>\n<li>Conhecer as indica\u00e7\u00f5es e contraindica\u00e7\u00f5es da pun\u00e7\u00e3o venosa e arterial;<\/li>\n<li>Dominar t\u00e9cnicas seguras de pun\u00e7\u00e3o vascular;<\/li>\n<li>Identificar os locais indicados para a realiza\u00e7\u00e3o da coleta de sangue;<\/li>\n<li>Manusear dispositivos voltados para coleta de sangue;<\/li>\n<li>Dominar t\u00e9cnicas de coleta de sangue venoso e arterial;<\/li>\n<li>Conhecer os dispositivos invasivos utilizados para exames de sangue;<\/li>\n<li>Realizar coleta de sangue venoso e arterial para exames laboratoriais;<\/li>\n<li>Conhecer os principais exames laboratoriais realizados nas unidades de urg\u00eancia e emerg\u00eancia;<\/li>\n<li>Interpretar clinicamente os exames laboratoriais e realizar correla\u00e7\u00f5es cl\u00ednicas;<\/li>\n<li>Desenvolver habilidades espec\u00edficas para a alta performance e boas pr\u00e1ticas para pun\u00e7\u00e3o vascular, coleta de sangue e interpreta\u00e7\u00e3o de exames laboratoriais.<\/li>\n<\/ul>\n<p><strong>P\u00fablico Alvo: <\/strong>Acad\u00eamicos da sa\u00fade e profissionais de sa\u00fade (enfermagem, medicina, farm\u00e1cia e biomedicina);<\/p>\n<p><strong>Carga Hor\u00e1ria:<\/strong> 80H<\/p>\n","protected":false},"featured_media":10490,"comment_status":"open","ping_status":"closed","template":"","meta":{"_acf_changed":false},"product_brand":[],"product_cat":[146],"product_tag":[],"class_list":{"0":"post-10491","1":"product","2":"type-product","3":"status-publish","4":"has-post-thumbnail","6":"product_cat-livre-realizados","8":"first","9":"outofstock","10":"shipping-taxable","11":"purchasable","12":"product-type-simple"},"acf":[],"_links":{"self":[{"href":"https:\/\/jfsimulacaosaude.com.br\/site\/wp-json\/wp\/v2\/product\/10491","targetHints":{"allow":["GET"]}}],"collection":[{"href":"https:\/\/jfsimulacaosaude.com.br\/site\/wp-json\/wp\/v2\/product"}],"about":[{"href":"https:\/\/jfsimulacaosaude.com.br\/site\/wp-json\/wp\/v2\/types\/product"}],"replies":[{"embeddable":true,"href":"https:\/\/jfsimulacaosaude.com.br\/site\/wp-json\/wp\/v2\/comments?post=10491"}],"wp:featuredmedia":[{"embeddable":true,"href":"https:\/\/jfsimulacaosaude.com.br\/site\/wp-json\/wp\/v2\/media\/10490"}],"wp:attachment":[{"href":"https:\/\/jfsimulacaosaude.com.br\/site\/wp-json\/wp\/v2\/media?parent=10491"}],"wp:term":[{"taxonomy":"product_brand","embeddable":true,"href":"https:\/\/jfsimulacaosaude.com.br\/site\/wp-json\/wp\/v2\/product_brand?post=10491"},{"taxonomy":"product_cat","embeddable":true,"href":"https:\/\/jfsimulacaosaude.com.br\/site\/wp-json\/wp\/v2\/product_cat?post=10491"},{"taxonomy":"product_tag","embeddable":true,"href":"https:\/\/jfsimulacaosaude.com.br\/site\/wp-json\/wp\/v2\/product_tag?post=10491"}],"curies":[{"name":"wp","href":"https:\/\/api.w.org\/{rel}","templated":true}]}}