{"id":10477,"date":"2024-03-28T17:19:36","date_gmt":"2024-03-28T20:19:36","guid":{"rendered":"https:\/\/jfsimulacaosaude.com.br\/site\/product\/atendimento-pre-hospitalar-emergencias-clinicas-cuiaba-mt-turma-02\/"},"modified":"2024-04-02T15:21:17","modified_gmt":"2024-04-02T18:21:17","slug":"atendimento-pre-hospitalar-emergencias-clinicas-cuiaba-mt-turma-02","status":"publish","type":"product","link":"https:\/\/jfsimulacaosaude.com.br\/site\/produto\/atendimento-pre-hospitalar-emergencias-clinicas-cuiaba-mt-turma-02\/","title":{"rendered":"Atendimento Pr\u00e9-Hospitalar: Emerg\u00eancias Cl\u00ednicas \u2013 Cuiab\u00e1\/MT \u2013 Turma 02"},"content":{"rendered":"<p><strong>Objetivos:<\/strong><\/p>\n<p><strong>Geral:<\/strong><\/p>\n<p>Oferecer capacita\u00e7\u00e3o te\u00f3rico-pr\u00e1tica baseada em evid\u00eancias cient\u00edficas nacionais e internacionais atuais em alta performance no atendimento de emerg\u00eancia pr\u00e9-hospitalar.<\/p>\n<p><strong>P\u00fablico-alvo<\/strong>:<\/p>\n<p>Acad\u00eamicos e profissionais da sa\u00fade; bombeiros militares e civis; condutores de ve\u00edculos; educadores f\u00edsicos e profissionais afins.<\/p>\n<p><strong>Carga Hor\u00e1ria:\u00a0<\/strong>20h<\/p>\n<p><strong>Vagas:\u00a0<\/strong>20(vinte)<\/p>\n<p><strong>Periodicidade:<\/strong><\/p>\n<p>02 e 03 de abril de 2022 (s\u00e1bado e domingo) das 8h \u00e0s 18h \u2013 Presencial.<\/p>\n<p><strong>Local de Realiza\u00e7\u00e3o:<\/strong><\/p>\n<ul>\n<li><b>Centro de Treinamento Nordeste Emerg\u00eancias.<\/b>\u00a0Rua Desembargador Ferreira Mendes, 80. Bairro: Jardim Petr\u00f3polis (Cuiab\u00e1).<\/li>\n<\/ul>\n<p><strong>Certifica\u00e7\u00e3o:<\/strong><\/p>\n<p>Ser\u00e1 fornecido certificado de participa\u00e7\u00e3o para todos os alunos que completarem no m\u00ednimo 75% da carga hor\u00e1ria do curso.<\/p>\n<p><strong>Conte\u00fado Program\u00e1tico:<\/strong><\/p>\n<ul>\n<li>Parada Cardiorrespirat\u00f3ria e Suporte Avan\u00e7ado de Vida;<\/li>\n<li>Farmacologia no APH;<\/li>\n<li>Manejo de Via A\u00e9rea no APH;<\/li>\n<li>Ventila\u00e7\u00e3o Mec\u00e2nica no APH;<\/li>\n<\/ul>\n<p>\u2013 Resolu\u00e7\u00f5es de cen\u00e1rios cl\u00ednicos<br \/>\n\u2013 Esta\u00e7\u00f5es Pr\u00e1ticas Simuladas<br \/>\n\u2013 Simuladores de M\u00e9dia Fidelidade<br \/>\n\u2013 Check lists atualizados<\/p>\n<p><strong>Investimento:<\/strong><\/p>\n<p>Valor do Curso: R$ 350,00 (trezentos e cinquenta reais);<\/p>\n<p>Cart\u00e3o de Cr\u00e9dito: at\u00e9 12x R$ 35,14;<\/p>\n<p>PIX: R$ 300,00 (trezentos reais)<\/p>\n<p><b>Facilitadora<\/b><\/p>\n<p><b>Dra. Julyana Freitas<\/b><\/p>\n<ul>\n<li>Forma\u00e7\u00e3o: Enfermagem (UFC)<\/li>\n<li>Titula\u00e7\u00e3o: Doutora e Mestre em Enfermagem (UFC). Especialista em Urg\u00eancia e Emerg\u00eancia- UFSC\/UNASUS e pela Escola de Sa\u00fade P\u00fablica (ESP).<\/li>\n<li>Tempo de experi\u00eancia na \u00e1rea de atua\u00e7\u00e3o (mercado): 13 anos<\/li>\n<li>Enfermeira Assistencial Servi\u00e7o de Atendimento M\u00f3vel (SAMU\/Fortaleza)\/2012 a 2014.<\/li>\n<li>Enfermeira Assistencial na Unidade de Pronto Atendimento (UPA Canindezinho)\/2013 a 2015.<\/li>\n<li>Preceptora do N\u00facleo de Ensino Permanente (SAMU Fortaleza)\/ 2019 a 2021.<\/li>\n<li>Docente da Universidade de Fortaleza (UNIFOR) na disciplina de Primeiros Socorros e Urg\u00eancia e Emerg\u00eancia\/atual.<\/li>\n<li>Assistente Educacional em Simula\u00e7\u00e3o Cl\u00ednica (ESP\/CE).<\/li>\n<li>Instrutora em Simula\u00e7\u00e3o Cl\u00ednica e Real\u00edstica (Leardal Medical e Area Training &amp; Consulting).<\/li>\n<\/ul>\n<p><strong>ORIENTA\u00c7\u00d5ES GERAIS<\/strong><\/p>\n<p>CURSOS LIVRES<\/p>\n<ol>\n<li>As inscri\u00e7\u00f5es ser\u00e3o realizadas at\u00e9 o \u00faltimo dia \u00fatil que antecede a data de in\u00edcio do curso, e se houver vaga. Caso a quantidade de pagantes ultrapasse o n\u00famero de vagas, o valor integral ser\u00e1 devolvido ao \u00faltimo participante inscrito;<\/li>\n<li>A realiza\u00e7\u00e3o do curso est\u00e1 sujeita a forma\u00e7\u00e3o de turma, com n\u00famero igual ou superior aos gastos estipulados pela empresa. A n\u00e3o forma\u00e7\u00e3o de turma est\u00e1 sujeita a devolu\u00e7\u00e3o do valor integral de da inscri\u00e7\u00e3o;<\/li>\n<li>A desist\u00eancia dever\u00e1 ser comunicada por e-mail (<a href=\"mailto:jf@jfservicoseducacionais.com.br\">jf@jfservicoseducacionais.com.br<\/a>) at\u00e9 72(setenta e duas) horas antes do in\u00edcio do curso. Ap\u00f3s esse prazo ser\u00e1 devolvido 70% (setenta por cento) do valor e ap\u00f3s o in\u00edcio do curso n\u00e3o h\u00e1 devolu\u00e7\u00e3o e\/ou estorno. No e-mail deve ser informado os dados banc\u00e1rios do aluno com o devido CPF e nome completo, e anexado o comprovante de pagamento para devolu\u00e7\u00e3o e\/ou estorno no caso de pagamento por meio de cart\u00e3o de cr\u00e9dito. A devolu\u00e7\u00e3o e\/ou estorno ser\u00e1 feita at\u00e9 3 (tr\u00eas) dias \u00fateis ap\u00f3s o recebimento do e-mail.<\/li>\n<\/ol>\n","protected":false},"excerpt":{"rendered":"<p><strong>Objetivos:<\/strong><\/p>\n<p><strong>Geral:<\/strong><\/p>\n<p>Oferecer capacita\u00e7\u00e3o te\u00f3rico-pr\u00e1tica baseada em evid\u00eancias cient\u00edficas nacionais e internacionais atuais em alta performance no atendimento de emerg\u00eancia pr\u00e9-hospitalar.<\/p>\n<p><b>TURMA 02:<\/b> 02 e 03 de abril de 2022 (s\u00e1bado e domingo) das 8h \u00e0s 18h \u2013 Presencial.<\/p>\n","protected":false},"featured_media":10476,"comment_status":"open","ping_status":"closed","template":"","meta":{"_acf_changed":false},"product_brand":[],"product_cat":[146],"product_tag":[],"class_list":{"0":"post-10477","1":"product","2":"type-product","3":"status-publish","4":"has-post-thumbnail","6":"product_cat-livre-realizados","8":"first","9":"outofstock","10":"shipping-taxable","11":"product-type-simple"},"acf":[],"_links":{"self":[{"href":"https:\/\/jfsimulacaosaude.com.br\/site\/wp-json\/wp\/v2\/product\/10477","targetHints":{"allow":["GET"]}}],"collection":[{"href":"https:\/\/jfsimulacaosaude.com.br\/site\/wp-json\/wp\/v2\/product"}],"about":[{"href":"https:\/\/jfsimulacaosaude.com.br\/site\/wp-json\/wp\/v2\/types\/product"}],"replies":[{"embeddable":true,"href":"https:\/\/jfsimulacaosaude.com.br\/site\/wp-json\/wp\/v2\/comments?post=10477"}],"wp:featuredmedia":[{"embeddable":true,"href":"https:\/\/jfsimulacaosaude.com.br\/site\/wp-json\/wp\/v2\/media\/10476"}],"wp:attachment":[{"href":"https:\/\/jfsimulacaosaude.com.br\/site\/wp-json\/wp\/v2\/media?parent=10477"}],"wp:term":[{"taxonomy":"product_brand","embeddable":true,"href":"https:\/\/jfsimulacaosaude.com.br\/site\/wp-json\/wp\/v2\/product_brand?post=10477"},{"taxonomy":"product_cat","embeddable":true,"href":"https:\/\/jfsimulacaosaude.com.br\/site\/wp-json\/wp\/v2\/product_cat?post=10477"},{"taxonomy":"product_tag","embeddable":true,"href":"https:\/\/jfsimulacaosaude.com.br\/site\/wp-json\/wp\/v2\/product_tag?post=10477"}],"curies":[{"name":"wp","href":"https:\/\/api.w.org\/{rel}","templated":true}]}}