{"id":10460,"date":"2024-03-28T17:18:16","date_gmt":"2024-03-28T20:18:16","guid":{"rendered":"https:\/\/jfsimulacaosaude.com.br\/site\/product\/combo-jf-revalidacao\/"},"modified":"2024-04-08T11:52:30","modified_gmt":"2024-04-08T14:52:30","slug":"combo-jf-revalidacao","status":"publish","type":"product","link":"https:\/\/jfsimulacaosaude.com.br\/site\/produto\/combo-jf-revalidacao\/","title":{"rendered":"COMBO JF REVALIDA\u00c7\u00c3O"},"content":{"rendered":"<p><strong>Aten\u00e7\u00e3o! Leia o <a href=\"https:\/\/jfservicoseducacionais.com.br\/wp-content\/uploads\/2021\/11\/CONTRATO-DE-PRESTACAO-DE-SERVICOS_REVALIDA-2021.pdf\">Contrato<\/a> e confirme antes de clicar em comprar!!<\/strong><\/p>\n<p><a href=\"https:\/\/jfservicoseducacionais.com.br\/produto\/circuito-jf-revalidacao\/\">Circuito JF Revalida\u00e7\u00e3o (2 dias)<\/a> + <a href=\"https:\/\/jfservicoseducacionais.com.br\/produto\/arena-jf-revalidacao\/\">Arena JF Revalida\u00e7\u00e3o (1 dia)<\/a><\/p>\n<p>De: R$ 5.002,00<\/p>\n<p>Por: R$ 4.500,00 ou em at\u00e9 12 x R$ 451,80<\/p>\n<p>Vagas LIMITADAS! (20)<\/p>\n<p>&nbsp;<\/p>\n","protected":false},"excerpt":{"rendered":"<p>Aten\u00e7\u00e3o! Leia o Contrato e confirme antes de clicar em comprar!! Circuito JF Revalida\u00e7\u00e3o (2 dias) + Arena JF Revalida\u00e7\u00e3o (1 dia) De: R$ 5.002,00 Por: R$ 4.500,00 ou em at\u00e9 12 x R$ 451,80 Vagas LIMITADAS! (20) &nbsp;<\/p>\n","protected":false},"featured_media":10459,"comment_status":"open","ping_status":"closed","template":"","meta":{"_acf_changed":false},"product_brand":[],"product_cat":[146],"product_tag":[],"class_list":{"0":"post-10460","1":"product","2":"type-product","3":"status-publish","4":"has-post-thumbnail","6":"product_cat-livre-realizados","8":"first","9":"outofstock","10":"shipping-taxable","11":"product-type-simple"},"acf":[],"_links":{"self":[{"href":"https:\/\/jfsimulacaosaude.com.br\/site\/wp-json\/wp\/v2\/product\/10460","targetHints":{"allow":["GET"]}}],"collection":[{"href":"https:\/\/jfsimulacaosaude.com.br\/site\/wp-json\/wp\/v2\/product"}],"about":[{"href":"https:\/\/jfsimulacaosaude.com.br\/site\/wp-json\/wp\/v2\/types\/product"}],"replies":[{"embeddable":true,"href":"https:\/\/jfsimulacaosaude.com.br\/site\/wp-json\/wp\/v2\/comments?post=10460"}],"wp:featuredmedia":[{"embeddable":true,"href":"https:\/\/jfsimulacaosaude.com.br\/site\/wp-json\/wp\/v2\/media\/10459"}],"wp:attachment":[{"href":"https:\/\/jfsimulacaosaude.com.br\/site\/wp-json\/wp\/v2\/media?parent=10460"}],"wp:term":[{"taxonomy":"product_brand","embeddable":true,"href":"https:\/\/jfsimulacaosaude.com.br\/site\/wp-json\/wp\/v2\/product_brand?post=10460"},{"taxonomy":"product_cat","embeddable":true,"href":"https:\/\/jfsimulacaosaude.com.br\/site\/wp-json\/wp\/v2\/product_cat?post=10460"},{"taxonomy":"product_tag","embeddable":true,"href":"https:\/\/jfsimulacaosaude.com.br\/site\/wp-json\/wp\/v2\/product_tag?post=10460"}],"curies":[{"name":"wp","href":"https:\/\/api.w.org\/{rel}","templated":true}]}}