{"id":10441,"date":"2024-03-28T17:17:14","date_gmt":"2024-03-28T20:17:14","guid":{"rendered":"https:\/\/jfsimulacaosaude.com.br\/site\/product\/urgencia-e-emergencia-turma-4\/"},"modified":"2024-04-08T12:02:37","modified_gmt":"2024-04-08T15:02:37","slug":"urgencia-e-emergencia-turma-4","status":"publish","type":"product","link":"https:\/\/jfsimulacaosaude.com.br\/site\/produto\/urgencia-e-emergencia-turma-4\/","title":{"rendered":"Urg\u00eancia e Emerg\u00eancia &#8211; Turma 4"},"content":{"rendered":"<p><strong>P\u00d3S- GRADUA\u00c7\u00c3O EM URG\u00caNCIA E EMERG\u00caNCIA\u00a0<\/strong>(PR\u00c9 AO INTRA-HOSPITALAR) \u2013 TURMA 4<\/p>\n<p><strong>OBJETIVO:<\/strong>\u00a0Desenvolver o potencial humano no \u00e2mbito da educa\u00e7\u00e3o e tecnologia em sa\u00fade na emerg\u00eancia, formando profissionais diferenciados e capazes de transformar a pr\u00e1tica com responsabilidade social e excel\u00eancia em salvar vidas.<\/p>\n<p><strong>P\u00daBLICO-ALVO:<\/strong>\u00a0Graduados na \u00e1rea da sa\u00fade com \u00e1reas afins.<\/p>\n<p><strong>ORGANIZA\u00c7\u00c3O DO CURSO:<\/strong>\u00a0JF SERVI\u00c7OS EDUCACIONAIS EM SA\u00daDE.<\/p>\n<p><strong>CHANCELA:<\/strong>\u00a0FACULDADE FIC (GARANHUS\/ PE) \u2013 POLO UNIVIRTUAL P\u00d3S-FIC.<\/p>\n<p>AUTORIZADA PELO MEC.<\/p>\n<p><strong>COORDENA\u00c7\u00c3O GERAL:\u00a0<\/strong>Profa. Dra. Julyana Freitas<\/p>\n<ul>\n<li>Graduada em Enfermagem pela Universidade Federal do Cear\u00e1.<\/li>\n<li>Especialista em Urg\u00eancia e Emerg\u00eancia pela ESP (Escola de Sa\u00fade P\u00fablica) e em Linhas de Cuidado em Enfermagem (Urg\u00eancia e Emerg\u00eancia) pela UFSC (Universidade de Santa Catarina).<\/li>\n<li>Mestrado e Doutorado em Enfermagem pela Universidade Federal do Cear\u00e1.<\/li>\n<li>Docente da Gradua\u00e7\u00e3o e do Mestrado Profissional Tecnologia e Inova\u00e7\u00e3o em Enfermagem (MPTIE\/UNIFOR).<\/li>\n<li>Pesquisadora e Coordenadora do Laborat\u00f3rio de Tecnologia em Enfermagem (LABTENF)\/UNIFOR.<\/li>\n<li>Preceptora do N\u00facleo de Educa\u00e7\u00e3o Permanente (SAMU FORTALEZA).<\/li>\n<li>Experi\u00eancia Profissional: UPA, SAMU e HGF.<\/li>\n<li>Atuando principalmente nos seguintes temas: Simula\u00e7\u00e3o; Urg\u00eancia e Emerg\u00eancia; Paciente cr\u00edtico; Tecnologias e Educa\u00e7\u00e3o.<\/li>\n<\/ul>\n<p><strong>PERIODICIDADE<\/strong>: Sexta (remota) das 18h \u00e0s 22h, S\u00e1bado (remota ou presencial) das 8h \u00e0s 18h \u2013 1 vez por m\u00eas e aulas EAD e onlines com expertises na tem\u00e1tica.<\/p>\n<p><strong>Local da aula presencial:<\/strong>\u00a0Centro de Simula\u00e7\u00e3o JF (Rua Ab\u00edlio Martins, 900 \u2013 Parquel\u00e2ndia).<\/p>\n<p><strong>IN\u00cdCIO PREVISTO: M\u00f3dulo 1 \u2013 24\/09<\/strong><\/p>\n<p><strong>Per\u00edodo de Matr\u00edcula:<\/strong> 21\/07\/2021 a 19\/09\/2021\u00a0 \u00a0\u2013 Ser\u00e3o disponibilizadas vagas limitadas para o curso. A efetiva\u00e7\u00e3o da matr\u00edcula est\u00e1 condicionada ao pagamento da taxa e a entrega da documenta\u00e7\u00e3o.<\/p>\n<p><strong>ACESSE\u00a0AQUI\u00a0O CRONOGRAMA COMPLETO<\/strong><\/p>\n<p><strong>DOCUMENTOS NECESS\u00c1RIOS PARA MATR\u00cdCULA<\/strong><\/p>\n<p>\u2013 RG (c\u00f3pia autenticada ou c\u00f3pia com apresenta\u00e7\u00e3o do documento original);<\/p>\n<p>\u2013 CPF (c\u00f3pia autenticada ou c\u00f3pia com apresenta\u00e7\u00e3o do documento original);<\/p>\n<p>\u2013 Diploma do Curso Superior (c\u00f3pia autenticada ou c\u00f3pia com apresenta\u00e7\u00e3o do documento original);<\/p>\n<p>\u2013 Hist\u00f3rico Escolar do Curso Superior (c\u00f3pia autenticada ou c\u00f3pia com apresenta\u00e7\u00e3o do documento original);<\/p>\n<p>\u2013 Comprovante de resid\u00eancia (c\u00f3pia)<\/p>\n<p>\u2013 1 foto 3\u00d74<\/p>\n<p>\u2013 Comprovante de Pagamento da Taxa de Matr\u00edcula<\/p>\n<p>\u2013 Contrato Educacional assinado e disponibilizado na entrega da documenta\u00e7\u00e3o<\/p>\n<p><strong>LOCAL DE MATR\u00cdCULA<\/strong><\/p>\n<p>A matr\u00edcula poder\u00e1 ser efetivada com nossa equipe de consultores de segunda a sexta-feira, das 8h \u00e0s 12h e das 13h \u00e0s 17h e aos s\u00e1bados das 08h \u00e0s 12h.<\/p>\n<p><strong>Para mais informa\u00e7\u00f5es:\u00a0<\/strong>(85) 98832-7305 ou\u00a0<a href=\"mailto:jf@jfservicoseducacionais.com.br\">jf@jfservicoseducacionais.com.br<\/a><\/p>\n<p><strong>INVESTIMENTO:<\/strong><\/p>\n<p>Matr\u00edcula de R$ 150,00 (cento e cinquenta reais) \u00e0 vista ou R$ 160,00 (cento e sessenta reais) no cart\u00e3o de cr\u00e9dito e 20 mensalidades de R$ 572,00 (quinhentos e setenta e dois reais).<\/p>\n<p><strong>Op\u00e7\u00f5es de Planos das mensalidades com desconto:<\/strong><\/p>\n<p><strong>30% de desconto para Grupo de 05 (cinco) alunos:\u00a0<\/strong>20 Parcelas de R$ 400,40 (at\u00e9 a data de vencimento)*<br \/>\n*ap\u00f3s o vencimento a parcela volta ao valor normal acrescido de multa e juros.<\/p>\n<p><strong>20% de desconto para Grupo de 03 (tr\u00eas) alunos:\u00a0<\/strong>20 Parcelas de R$ 457,60 (at\u00e9 a data de vencimento)*<br \/>\n*ap\u00f3s o vencimento a parcela volta ao valor normal acrescido de multa e juros.<\/p>\n<p><strong>Obs\u00b9:\u00a0<\/strong>Para ter o desconto concedido, o respons\u00e1vel pelo grupo dever\u00e1 informar o nome completo, telefone e e-mail de todos do grupo e apresentar o comprovante de transfer\u00eancia do valor referente a matr\u00edcula via whastapp ou e-mail.<\/p>\n<p><strong>Obs\u00b2:<\/strong>\u00a0O desconto n\u00e3o \u00e9 aplicado na taxa de matr\u00edcula. No caso de desist\u00eancia n\u00e3o h\u00e1 devolu\u00e7\u00e3o da taxa de matr\u00edcula.<\/p>\n<p><strong>15% de desconto para colaboradores de empresas e conselhos conveniados:\u00a0<\/strong>20 Parcelas de R$ 486,20 (at\u00e9 a data de vencimento)*.<\/p>\n<p>*ap\u00f3s o vencimento a parcela volta ao valor normal acrescido de multa e juros.<\/p>\n<p><strong>DADOS BANC\u00c1RIOS<\/strong><\/p>\n<p><strong>Banco Bradesco<\/strong><\/p>\n<p><strong>Ag\u00eancia:<\/strong>\u00a05447<\/p>\n<p><strong>Conta corrente:<\/strong>\u00a010451-5<\/p>\n<p><strong>Favorecido:<\/strong>\u00a0Julyana Gomes Freitas \u2013 ME<\/p>\n<p><strong>CNPJ:<\/strong>\u00a031.822.970\/0001-04\u00a0<strong>(Chave PIX)<\/strong><\/p>\n<p><strong>Nossos alunos tem direito:<\/strong><\/p>\n<p><strong>B\u00d4NUS 1:<\/strong>\u00a0Grupo fechado do whatsapp com divulga\u00e7\u00e3o de protocolos e atualiza\u00e7\u00f5es do per\u00edodo e sorteio de vagas em eventos, livros, webinars, congressos e parcerias da JF Servi\u00e7os Educacionais em Sa\u00fade.<\/p>\n<p><strong>B\u00d4NUS 2*:\u00a0<\/strong>04 horas de aulas e discuss\u00e3o de casos cl\u00ednicos e ECG com Dr Jobert Mitson (cen\u00e1rios de eletrocardiograma).<\/p>\n<p><strong>B\u00d4NUS 3: Stop The Bleed + Habilita\u00e7\u00e3o em Dispositivos Extragl\u00f3ticos; Intra\u00f3ssea e Pun\u00e7\u00e3o de Veia Jugular Externa<\/strong><\/p>\n<p><strong>B\u00d4NUS 4:\u00a0<\/strong>Resolu\u00e7\u00f5es de quest\u00f5es com gamifica\u00e7\u00f5es voltadas para concursos na \u00e1rea da emerg\u00eancia.<\/p>\n<p><strong>B\u00d4NUS 5:\u00a0<\/strong>Florescer na sa\u00fade (Consultoria) sobre desenvolvimento do potencial humano. Dra Bianca Rocha.<\/p>\n","protected":false},"excerpt":{"rendered":"<p><strong>OBJETIVO:<\/strong>\u00a0Desenvolver o potencial humano no \u00e2mbito da educa\u00e7\u00e3o e tecnologia em sa\u00fade na emerg\u00eancia, formando profissionais diferenciados e capazes de transformar a pr\u00e1tica com responsabilidade social e excel\u00eancia em salvar vidas.<\/p>\n<p><strong>P\u00daBLICO-ALVO:<\/strong>\u00a0Graduados na \u00e1rea da sa\u00fade com \u00e1reas afins.<\/p>\n","protected":false},"featured_media":10439,"comment_status":"open","ping_status":"closed","template":"","meta":{"_acf_changed":false},"product_brand":[],"product_cat":[153],"product_tag":[],"class_list":{"0":"post-10441","1":"product","2":"type-product","3":"status-publish","4":"has-post-thumbnail","6":"product_cat-pos-graduacao-realizados","8":"first","9":"outofstock","10":"shipping-taxable","11":"product-type-simple"},"acf":[],"_links":{"self":[{"href":"https:\/\/jfsimulacaosaude.com.br\/site\/wp-json\/wp\/v2\/product\/10441","targetHints":{"allow":["GET"]}}],"collection":[{"href":"https:\/\/jfsimulacaosaude.com.br\/site\/wp-json\/wp\/v2\/product"}],"about":[{"href":"https:\/\/jfsimulacaosaude.com.br\/site\/wp-json\/wp\/v2\/types\/product"}],"replies":[{"embeddable":true,"href":"https:\/\/jfsimulacaosaude.com.br\/site\/wp-json\/wp\/v2\/comments?post=10441"}],"wp:featuredmedia":[{"embeddable":true,"href":"https:\/\/jfsimulacaosaude.com.br\/site\/wp-json\/wp\/v2\/media\/10439"}],"wp:attachment":[{"href":"https:\/\/jfsimulacaosaude.com.br\/site\/wp-json\/wp\/v2\/media?parent=10441"}],"wp:term":[{"taxonomy":"product_brand","embeddable":true,"href":"https:\/\/jfsimulacaosaude.com.br\/site\/wp-json\/wp\/v2\/product_brand?post=10441"},{"taxonomy":"product_cat","embeddable":true,"href":"https:\/\/jfsimulacaosaude.com.br\/site\/wp-json\/wp\/v2\/product_cat?post=10441"},{"taxonomy":"product_tag","embeddable":true,"href":"https:\/\/jfsimulacaosaude.com.br\/site\/wp-json\/wp\/v2\/product_tag?post=10441"}],"curies":[{"name":"wp","href":"https:\/\/api.w.org\/{rel}","templated":true}]}}