{"id":10430,"date":"2024-03-28T17:16:39","date_gmt":"2024-03-28T20:16:39","guid":{"rendered":"https:\/\/jfsimulacaosaude.com.br\/site\/product\/imaginologia-e-monitorizacao-hemodinamica\/"},"modified":"2024-04-02T15:22:37","modified_gmt":"2024-04-02T18:22:37","slug":"imaginologia-e-monitorizacao-hemodinamica","status":"publish","type":"product","link":"https:\/\/jfsimulacaosaude.com.br\/site\/produto\/imaginologia-e-monitorizacao-hemodinamica\/","title":{"rendered":"Imaginologia e Monitoriza\u00e7\u00e3o Hemodin\u00e2mica"},"content":{"rendered":"<p><strong>P\u00fablico Alvo:<\/strong>\u00a0Profissionais da Sa\u00fade e acad\u00eamicos.<\/p>\n<p><strong>Carga Hor\u00e1ria:<\/strong>\u00a020H<\/p>\n<p><strong>Datas:<\/strong>\u00a0 06<span style=\"font-weight: 400;\"> de maio de 2023<\/span><br \/>\n<strong>Domingo:<\/strong>\u00a08h \u00e0s 18h (Centro de Simula\u00e7\u00e3o JF \u2013 Rua Ab\u00edlio Martins, 900 \u2013 Parquel\u00e2ndia)<\/p>\n<p><strong>OBS<\/strong>: Os conte\u00fados te\u00f3ricos ser\u00e3o disponibilizados\u00a0 atrav\u00e9s da nossa plataforma EAD.<\/p>\n<p><strong>Certifica\u00e7\u00e3o:<\/strong>\u00a0Ser\u00e1 fornecido certificado de participa\u00e7\u00e3o para todos os alunos que completarem no m\u00ednimo 75% da carga hor\u00e1ria do curso.<\/p>\n<p><strong>Conte\u00fado Program\u00e1tico<\/strong><\/p>\n<p><span style=\"font-weight: 400;\">&#8211; T\u00f3picos do Raio-X na Sala Vermelha<\/span><\/p>\n<p><span style=\"font-weight: 400;\">&#8211; T\u00f3picos da Tomografia de Cr\u00e2nio na Sala Vermelha<\/span><\/p>\n<p><span style=\"font-weight: 400;\">&#8211; Monitoriza\u00e7\u00e3o Hemodin\u00e2mica no Monitor Multipar\u00e2metro<\/span><\/p>\n<p><span style=\"font-weight: 400;\">&#8211; Eletrocardiograma de 12 Deriva\u00e7\u00f5es: Deriva\u00e7\u00f5es Precordiais Esquerdas,<\/span><\/p>\n<p><span style=\"font-weight: 400;\">Deriva\u00e7\u00f5es Precordiais Direitas e Deriva\u00e7\u00f5es Precordiais Posteriores<\/span><\/p>\n<p><span style=\"font-weight: 400;\">&#8211; Monitoriza\u00e7\u00e3o e Transporte do Paciente Grave da Sala Vermelha para Centro de Imagem<\/span><\/p>\n<p><strong>Facilitador<\/strong><\/p>\n<p><b>Ms. Raphael Colares<\/b><\/p>\n<p><span style=\"font-weight: 400;\">Enfermeiro Assistencial do IJF. Docente do Centro Universit\u00e1rio Christus &#8211; Unichristus. Resid\u00eancia em Transplante de \u00d3rg\u00e3os e Tecidos. Especializa\u00e7\u00e3o em Urg\u00eancia e Emerg\u00eancia. Mestrado em Ensino em Sa\u00fade.<\/span><\/p>\n<p><strong>Investimento<br \/>\n<\/strong>R$ 349,00 (trezentos e quarenta e nove reais)<\/p>\n<p><strong>ORIENTA\u00c7\u00d5ES GERAIS<\/strong><\/p>\n<p>CURSOS LIVRES<\/p>\n<ol>\n<li>As inscri\u00e7\u00f5es ser\u00e3o realizadas at\u00e9 o \u00faltimo dia \u00fatil que antecede a data de in\u00edcio do curso, e se houver vaga. Caso a quantidade de pagantes ultrapasse o n\u00famero de vagas, o valor integral ser\u00e1 devolvido ao \u00faltimo participante inscrito;<\/li>\n<li>A realiza\u00e7\u00e3o do curso est\u00e1 sujeita a forma\u00e7\u00e3o de turma, com n\u00famero igual ou superior aos gastos estipulados pela empresa. A n\u00e3o forma\u00e7\u00e3o de turma est\u00e1 sujeita a devolu\u00e7\u00e3o do valor integral de da inscri\u00e7\u00e3o;<\/li>\n<li>A desist\u00eancia dever\u00e1 ser comunicada por e-mail (<a href=\"mailto:jf@jfservicoseducacionais.com.br\">jf@jfservicoseducacionais.com.br<\/a>) at\u00e9 72(setenta e duas) horas antes do in\u00edcio do curso. Ap\u00f3s esse prazo ser\u00e1 devolvido 70% (setenta por cento) do valor e ap\u00f3s o in\u00edcio do curso n\u00e3o h\u00e1 devolu\u00e7\u00e3o e\/ou estorno. No e-mail deve ser informado os dados banc\u00e1rios do aluno com o devido CPF e nome completo, e anexado o comprovante de pagamento para devolu\u00e7\u00e3o e\/ou estorno no caso de pagamento por meio de cart\u00e3o de cr\u00e9dito. A devolu\u00e7\u00e3o e\/ou estorno ser\u00e1 feita at\u00e9 3 (tr\u00eas) dias \u00fateis ap\u00f3s o recebimento do e-mail.<\/li>\n<\/ol>\n<p><strong>ORIENTA\u00c7\u00d5ES ESPEC\u00cdFICAS<\/strong><\/p>\n<ol>\n<li>As aulas EAD (plataforma Google Classroom) ficar\u00e3o dispon\u00edveis no per\u00edodo do curso de realiza\u00e7\u00e3o do curso, bem como as aulas remotas que ser\u00e3o enviadas (link privado) para o e-mail cadastrado de cada aluno inscrito, sabendo que n\u00e3o \u00e9 permitido compartilhar este conte\u00fado a terceiros;<\/li>\n<li>Para o recebimento do certificado, \u00e9 necess\u00e1rio a participa\u00e7\u00e3o m\u00ednima em 75% das aulas presenciais.<\/li>\n<\/ol>\n<p>&nbsp;<\/p>\n<p><strong>Dra. Julyana Freitas<br \/>\n<\/strong>Dire\u00e7\u00e3o Geral<\/p>\n","protected":false},"excerpt":{"rendered":"<p><strong>Datas:<\/strong> 06 de maio<span style=\"font-weight: 400;\">\u00a0de 2023<\/span><br \/>\n<strong>S\u00e1bado:<\/strong>\u00a08h \u00e0s 18h (Centro de Simula\u00e7\u00e3o JF \u2013 Rua Ab\u00edlio Martins, 900 \u2013 Parquel\u00e2ndia)<\/p>\n","protected":false},"featured_media":10429,"comment_status":"open","ping_status":"closed","template":"","meta":{"_acf_changed":false},"product_brand":[],"product_cat":[146],"product_tag":[],"class_list":{"0":"post-10430","1":"product","2":"type-product","3":"status-publish","4":"has-post-thumbnail","6":"product_cat-livre-realizados","8":"first","9":"outofstock","10":"shipping-taxable","11":"purchasable","12":"product-type-simple"},"acf":[],"_links":{"self":[{"href":"https:\/\/jfsimulacaosaude.com.br\/site\/wp-json\/wp\/v2\/product\/10430","targetHints":{"allow":["GET"]}}],"collection":[{"href":"https:\/\/jfsimulacaosaude.com.br\/site\/wp-json\/wp\/v2\/product"}],"about":[{"href":"https:\/\/jfsimulacaosaude.com.br\/site\/wp-json\/wp\/v2\/types\/product"}],"replies":[{"embeddable":true,"href":"https:\/\/jfsimulacaosaude.com.br\/site\/wp-json\/wp\/v2\/comments?post=10430"}],"wp:featuredmedia":[{"embeddable":true,"href":"https:\/\/jfsimulacaosaude.com.br\/site\/wp-json\/wp\/v2\/media\/10429"}],"wp:attachment":[{"href":"https:\/\/jfsimulacaosaude.com.br\/site\/wp-json\/wp\/v2\/media?parent=10430"}],"wp:term":[{"taxonomy":"product_brand","embeddable":true,"href":"https:\/\/jfsimulacaosaude.com.br\/site\/wp-json\/wp\/v2\/product_brand?post=10430"},{"taxonomy":"product_cat","embeddable":true,"href":"https:\/\/jfsimulacaosaude.com.br\/site\/wp-json\/wp\/v2\/product_cat?post=10430"},{"taxonomy":"product_tag","embeddable":true,"href":"https:\/\/jfsimulacaosaude.com.br\/site\/wp-json\/wp\/v2\/product_tag?post=10430"}],"curies":[{"name":"wp","href":"https:\/\/api.w.org\/{rel}","templated":true}]}}