{"id":10419,"date":"2024-03-28T17:16:10","date_gmt":"2024-03-28T20:16:10","guid":{"rendered":"https:\/\/jfsimulacaosaude.com.br\/site\/product\/formacao-de-parecerista-de-revistas-cientificas-na-saude\/"},"modified":"2024-04-08T12:00:54","modified_gmt":"2024-04-08T15:00:54","slug":"formacao-de-parecerista-de-revistas-cientificas-na-saude","status":"publish","type":"product","link":"https:\/\/jfsimulacaosaude.com.br\/site\/produto\/formacao-de-parecerista-de-revistas-cientificas-na-saude\/","title":{"rendered":"Forma\u00e7\u00e3o de Parecerista de Revistas Cient\u00edficas na Sa\u00fade"},"content":{"rendered":"<p><strong>Objetivo:<\/strong> Analisar as tend\u00eancias de atua\u00e7\u00e3o como parecerista ad hoc de revistas cient\u00edficas na Sa\u00fade.<\/p>\n<p>&nbsp;<\/p>\n<p><strong>Carga hor\u00e1ria:<\/strong> 40 horas<\/p>\n<p>16 horas te\u00f3ricas \/ 16 horas pr\u00e1ticas \/ 8 horas atividades simuladas<br \/>\nAulas on-line com professores doutores e expertises na tem\u00e1tica.<\/p>\n<p><strong>Per\u00edodo:<\/strong> 31 de Agosto a Novembro\/2021<br \/>\n<strong>Encontros semanais:<\/strong> ter\u00e7a-feira, 19h \u00e0s 21h (aulas remotas &#8211; via meet)<\/p>\n<p><strong>Conte\u00fado program\u00e1tico:<\/strong><br \/>\n&#8211; Habilidade do consultor ad hoc;<br \/>\n&#8211; An\u00e1lise de manuscritos cient\u00edficos;<br \/>\n&#8211; Emiss\u00e3o de pareceres: estudos epidemiol\u00f3gicos, estudos metodol\u00f3gicos, estudos qualitativos, revis\u00e3o integrativa, revis\u00e3o sistem\u00e1tica.<\/p>\n<p><strong>Investimento:<\/strong><\/p>\n<p><strong>1\u00ba lote<\/strong> \u2013 R$ 300,00<\/p>\n<p><strong>Time de Facilitadores:<\/strong><\/p>\n<ul>\n<li><span style=\"color: #000000;\"><a style=\"color: #000000;\" href=\"http:\/\/buscatextual.cnpq.br\/buscatextual\/visualizacv.do?id=K4254495Z6&amp;tokenCaptchar=03AGdBq24Vb_hkTsE8t9rTDvhZnh0sBoE0ReQ4Qg77OAa2UaIvloTBLh0EkIwVcQpc97iSFB9aFtvT-lJCdQssVEO4x8CiX0Glv9r7dvF9Ss0gBDsahfk8a6rti8qhX2NjH1_o-oWNGeiZhADBg5huKRJ5PwloYW7OaQelgFMaw_6gQVC4TO9q-xU4aHDNx4zVkTNDBE2nzgiNy3ue39pWXmH78oMK67FL6UaFjrEGahyj70aZXGxqsPtQ3kB-qTrBUqOIV_qLwDlIMG_d-lvKNQmG2KbUZiFBLWhcrinZCVPuIwWpCtny1HOHIQSeu8HmElWXMyQJUlbHkw8rMPdXie3nQ1fsAivkP3gY0tkYMq9IR3K7UIhupwDwTPVXtFBbksZ649HjR_5Pb1BYw-nEervFu8qihykfEGcvDLgK2MCSfAlc5LfoVnh4hst8YiY9U2y1YJK7Byavesvembom84DjzuUxOngqcw\" target=\"_blank\" rel=\"noopener noreferrer\">Profa. Dra. Ivana Cristina Vieira de Lima Maia<\/a><\/span><\/li>\n<li><span style=\"color: #000000;\"><a style=\"color: #000000;\" href=\"http:\/\/buscatextual.cnpq.br\/buscatextual\/visualizacv.do?id=K4780462J0&amp;tokenCaptchar=03AGdBq27EgKj-UbZ2cJiYsTj4IjYbsYydFhZQmV7D1Pum0A-XFvGpWPjgYNEHz-CvS2zmZq4pzCW4SZTkfXRRqxzcQp877pruPuZ6iyYfCKFdoFhP3I1j8GUx8ZXlxd0gqLKQ-Jmel7P6l-VbTYOTDl1s0sk5GICiOq3kmhH7OmzMmkDOCGzs0ZiptQU4qLHHcgVRBlmSyVCLznZm3HwoiZXApGf6bYhvSOp9dPCYcO-kht5i3heCKLPU0BeL8fu-ZGt0V2XV6SSuPjT01DjwevWEJsDpuKbxjOwITshnIRuZAiLTVlNR4xDzdtsyASQDFZi4r30yVslsUz-HWkluBl1IYueTVMG8-Nfe0V409bmY8rc5kKfE2XnOG1kvRasN2fJRgW7VDVrMltCTS7cpdqzJ8sc_cUtn1_YtlCl5TxaTqEqMJguV9b3UwXYyaW7VeWr-pW4lgyxROgGT5NbmLQfERw8umP3aWg\" target=\"_blank\" rel=\"noopener noreferrer\">Profa. Dra. Ana F\u00e1tima Carvalho Fernandes<\/a><\/span><\/li>\n<li><span style=\"color: #000000;\"><a style=\"color: #000000;\" href=\"http:\/\/buscatextual.cnpq.br\/buscatextual\/visualizacv.do?id=K4438949H8&amp;tokenCaptchar=03AGdBq25evdDbToHuRx8ehka_P5lT7UuacOxS5xZRYUJrThO7Rw7GEyGO6jClu1MWBiXfglbp5ooijlevi2dUOCJla59Bai7moaRVU-RiW7XLV-665sAGpEJlk9on058lp1GvHg6P8rNoJByuYXdf32uxN-v_MD3k5v4w216jNEJuvQhgWIBNgOOO2Ey3pkFVz1PwdFt7XuAynJgS6iGAajGlzulsJeATaF8gG3pqZkracZsHtwrfMtNMa-mMFw6UrNZWOeLm4KMEN_LnzstvNStbXClSrq02pfiHVqMNc03P18gfJoVIRQO7Cxfd9xsbp3C9tYl4Pcer6ppDRCheOXfDjPteWBV4S2cIZZKgBsI4NvRgdCn0XVJIf9cM9v_uuVTKd0ePfLYtKd1IU2Rj2b5VA-zALqDhNVWj6QCWlB_RXw5obPaqfSTmS1jBd08eom6SuzsBltV87I8A9uIUJoLCnDmH5vOkdg\" target=\"_blank\" rel=\"noopener noreferrer\">Prof. Dr. Lu\u00eds Carlos Lopes J\u00fanior<\/a><\/span><\/li>\n<li><span style=\"color: #000000;\"><a style=\"color: #000000;\" href=\"http:\/\/buscatextual.cnpq.br\/buscatextual\/visualizacv.do?id=K4314215J6&amp;tokenCaptchar=03AGdBq244nBgnjoE2t7PeP5Laglgl7NBXF2RkfuwzeRwhVXpqM-UWAjoBT6tekqCUF01VHn_jlQnjB-LW213P2H_4-qbgxYU5DzNOH32VZdU3hzkYfgDADk1dWfaldmPePay6u4hsSj1Ibbajk3wa_7KzOIwg7rKrYfJo0UGdQecazsT9qui2zW9ADaTXpcZieDPxdEQRgEIv5WRAia4zZOjYqm7s4OMk2AES9iwFexWrYH2cmhvE_21So0slWKKmLjSBf3dMKhtoMk6B4rLziSpVF0eb5hbwTdDwNRROeE9cNrkdlyIhF2hjFVujpFujpXFErcdX22AvUARPmv9NkWzw1vIWK_VaiclsMTGxouLcM6sNJ75LXYrsUeV5amJskc_pNTlrbfTi6dpjxsF9gcyiPxA9LLEQBUSuCoHEV6I_Iw9xFEARc-jReUmayXDWC46Z-MwgutwPR8DzAlRrAn5JMU1XVERcKg\" target=\"_blank\" rel=\"noopener noreferrer\">Prof. Dr. \u00c1lvaro Francisco Lopes de Sousa<\/a><\/span><\/li>\n<li><span style=\"color: #000000;\"><a style=\"color: #000000;\" href=\"http:\/\/buscatextual.cnpq.br\/buscatextual\/visualizacv.do?id=K4777275E0&amp;tokenCaptchar=03AGdBq24dkYNePEYGVrAzlJalbU4i8maPmEFUk_OHBQbrXlplY2H9gq_bEEbXQxNO-E3rg9bEbthgSwBbbGq_nOnD6USNAcvKY-AkpYcMAYzwji9V21610GJMCOIwNQuyJAnu_icA0cpmvQqrxDa7-VRag7Z9Fub_i13u68zARmZCBnMgAx5kIHqROyKLJh0ijro8hRQRR2619bGpOirAgJPkTIe4rFE-AHHGgUH9rZNCSYGIQpvptGKjqmxqeDhQkHirI4VRY19_LTgGm6i9rRg05bcP91BS3URH7TtblJ4bxPWSyqWtyDaVLAaSX0FDDvMkmZ8xyu-IvP7sxl865YeeAauXpPCF-_8G36puTV0GcaDTW0fWO8IGeIgjjsY8ZlUOcqBaoN09M3lzmURECCUS5FxDoIx-nVN-uEbjckxppUr_mZLhlAhIrTw6T8SkrkHZ5Csg9R2zH_uVqlota7AXINvvuyalCg\" target=\"_blank\" rel=\"noopener noreferrer\">Profa. Dr. M\u00f4nica Oliveira Batista Ori\u00e1<\/a><\/span><\/li>\n<li><span style=\"color: #000000;\"><a style=\"color: #000000;\" href=\"http:\/\/buscatextual.cnpq.br\/buscatextual\/visualizacv.do?id=K4742143A8&amp;tokenCaptchar=03AGdBq26cJv0mtdlMFIUA7M8BRQllMcxliK_VvGYtz-aJA9V1_r-cmqip2KG_Jn3Wftk7FCFxSgzN1iER_WXcKu1DIS7BbYfz342Bf2QPwIyRXdrpm3vFhGYWxvRsyRpHWU5M31tH1asN9wvnHsf4lXUHed_oVVXMCEa3d_pn3LPZ4MgbLh1_zCYwgfsuVHpWVVGdAZXmInkNYFEX3mKB4HT2cQSjPMfMz5CFrAVsjm8oJmvaM-Szu2jyDAPr-tRs0WFsfFHtAyet8dL-E1ddwJkLjt7DF0ZKqTdH--fC48FOsGfOeB5da9z-_T1Uca3erXoKpymd6l0klTUhzpeYg-McOnZ1RvjP46INat48iuxzRCBwyHhbpP28RnJzI1Cpd2gNEcGJwS5jks2t_-NIvzJOofVsRfhhT4QumzirT2ovIDFulfq98OEEjZb5S8-nC3wIS2lKdW3ZG0B1xoP1nWeGiOXIitmqYg\" target=\"_blank\" rel=\"noopener noreferrer\">Profa. Ms. Dalila Augusto Peres<\/a><\/span><\/li>\n<li><span style=\"color: #000000;\"><a style=\"color: #000000;\" href=\"http:\/\/buscatextual.cnpq.br\/buscatextual\/visualizacv.do?id=K4537849Z6&amp;tokenCaptchar=03AGdBq24Oid1JMyfNuOIW6yWEhrSi18NSO_ACe5l9g2_N1KOjbP6YTNWdTsT1lOpKTW9BXiikjYezCQzRMrxGEtKr0PWAzNVkUjMQDovQ0vkGzhsHFDWvrQyyKHq0wk4ovhMclTFaDGq9T92xi17sF8BzN2vaQ0EPbApj4rnpZzOVnvOrkIjwYTA-Y8O-7SgLAgsGNLxi1GS9WyU2aaSAZVAvgGOEdnuVAkQuwC0PK5GCe78nuPRP3nzGRbFeh7SZqYknDIMBzMQYpRuBs6SLZ5T53_FVugfoYJT0M3wwSRM_4ENPD8FUwqYwMycr4Vev2LYNybkFCvYZtLtoyjx9zGn6TcvkHHmqLRzbg9DOKMaq-z9pzp8WKR6e9W5JEgTP_e6N27kNzQhMYljZTG1C3seL0ZFvsIlLNLYhrFvJE-BFTTTyMwPp2etI-HJJJCeGsPgArLJ7GLLT6abwWaRAouNuGVqdbizJyQ\" target=\"_blank\" rel=\"noopener noreferrer\">Prof. Dr. M\u00e1rcio Fl\u00e1vio de Moura de Ara\u00fajo<\/a><\/span><\/li>\n<li><span style=\"color: #000000;\"><a style=\"color: #000000;\" href=\"http:\/\/buscatextual.cnpq.br\/buscatextual\/visualizacv.do?id=K4424023D0&amp;tokenCaptchar=03AGdBq266fwhIhafuUzlVrdjPKKCSGzmU0BBuOXhBFbacFZVwE43F-nBrl7l5qdAivtzMDEkfhE2k_Rn9D-OwtlUW0RXftqoL8A6reJOkhRQAYzrNEStd_s8iuhVdFj3ASvC7csIJTijW42bXtjwClW50pjYC3d0SxQGQV-i9mOTf2F70yIlmLk7QkGCLklwzvV1bKFU0Hc_XBphojOOBD_1LWTGfs-tlxnL8NYzrc5YlBsLsNxwGOZu_8pRxPRLDC-2IvjlBDJoq9za-dcqOEDx6AEdAoQ-SR-hWdYU2z0vmI98ojIjtM6pl6P1QLS2YNseTC7DWddzm8dVlTkhkSZS-EsyeAUCFJH9t0FLo_29LpUDzUig2H4WW62txjzcuy3py-O-9sZdMCv4i9wvAkbqtDtdjsiHv5LcKBWzrL4UYrf1T5qHl7GPWjAUQEbZcq-8K62BGpOO6OKYyjMdNw29gxwnhu8ohug\" target=\"_blank\" rel=\"noopener noreferrer\">Profa. Dra. Francisca Diana da Silva Negreiros<\/a><\/span><\/li>\n<li><span style=\"color: #000000;\"><a style=\"color: #000000;\" href=\"http:\/\/buscatextual.cnpq.br\/buscatextual\/visualizacv.do?id=K4266644H6&amp;tokenCaptchar=03AGdBq26BjIK5tVvvIyIfkJ1zek66pPCCxsyEFvuLyI1tM-BOaURB646BvpsbP4B4NJTe0ZkPKTu59mprOSnCZT2dLnEPuDXGEVArEclWhThjCgl8IcZe6orkt8MX88PIpb0GziUxn5AlvdVFFNdCpkUlfFWFXz2quH3aU6eoQ6FCXpGHMsQ5cOIw5Dz2W4fz7aFG5YzPYGlY8lzmVEZWL4n8rUe-HmDYHNCbusxgj93k61mt-LyKNWYoSBkbp1TDsdbYJNxlP2w8huG9rc2Gk7v8f6QeO6G4hB27grpdJeJJc2EdpjpC3g5oBrSMDeve6hiRwUexHgNepNdOzJcp6eNP1vz7e40K9Fh4MVzy052J6-XNK64gWKKybhpfH_VzGynFvMFIDnWDbqV9VB-_Qd8NAiVIuFKdZP7GsMS8t8Xf0J8qHEm62e00WEGBM-AkXp_WjYyo4gvSGlZFbjvRks9i-ymkOf5dAw\" target=\"_blank\" rel=\"noopener noreferrer\">Profa. Dra. Ana Izabel Oliveira Nicolau<\/a><\/span><\/li>\n<\/ul>\n<p><strong>ORIENTA\u00c7\u00d5ES GERAIS<\/strong><\/p>\n<p>CURSOS LIVRES<\/p>\n<ol>\n<li>As inscri\u00e7\u00f5es ser\u00e3o realizadas at\u00e9 o \u00faltimo dia \u00fatil que antecede a data de in\u00edcio do curso, e se houver vaga. Caso a quantidade de pagantes ultrapasse o n\u00famero de vagas, o valor integral ser\u00e1 devolvido ao \u00faltimo participante inscrito;<\/li>\n<li>A realiza\u00e7\u00e3o do curso est\u00e1 sujeita a forma\u00e7\u00e3o de turma, com n\u00famero igual ou superior aos gastos estipulados pela empresa. A n\u00e3o forma\u00e7\u00e3o de turma est\u00e1 sujeita a devolu\u00e7\u00e3o do valor integral de da inscri\u00e7\u00e3o;<\/li>\n<li>A desist\u00eancia dever\u00e1 ser comunicada por e-mail (<a href=\"mailto:jf@jfservicoseducacionais.com.br\">jf@jfservicoseducacionais.com.br<\/a>) at\u00e9 72(setenta e duas) horas antes do in\u00edcio do curso. Ap\u00f3s esse prazo ser\u00e1 devolvido 70% (setenta por cento) do valor e ap\u00f3s o in\u00edcio do curso n\u00e3o h\u00e1 devolu\u00e7\u00e3o e\/ou estorno. No e-mail deve ser informado os dados banc\u00e1rios do aluno com o devido CPF e nome completo, e anexado o comprovante de pagamento para devolu\u00e7\u00e3o e\/ou estorno no caso de pagamento por meio de cart\u00e3o de cr\u00e9dito. A devolu\u00e7\u00e3o e\/ou estorno ser\u00e1 feita at\u00e9 3 (tr\u00eas) dias \u00fateis ap\u00f3s o recebimento do e-mail.<\/li>\n<\/ol>\n<p>&nbsp;<\/p>\n<p><strong>Dra. Julyana Freitas<br \/>\n<\/strong>Dire\u00e7\u00e3o Geral<\/p>\n","protected":false},"excerpt":{"rendered":"<p><strong>Conte\u00fado program\u00e1tico:<\/strong><br \/>\n&#8211; Habilidade do consultor ad hoc;<br \/>\n&#8211; An\u00e1lise de manuscritos cient\u00edficos;<br \/>\n&#8211; Emiss\u00e3o de pareceres: estudos epidemiol\u00f3gicos, estudos metodol\u00f3gicos, estudos qualitativos,<br \/>\nrevis\u00e3o integrativa, revis\u00e3o sistem\u00e1tica.<\/p>\n","protected":false},"featured_media":10418,"comment_status":"open","ping_status":"closed","template":"","meta":{"_acf_changed":false},"product_brand":[],"product_cat":[146],"product_tag":[],"class_list":{"0":"post-10419","1":"product","2":"type-product","3":"status-publish","4":"has-post-thumbnail","6":"product_cat-livre-realizados","8":"first","9":"outofstock","10":"shipping-taxable","11":"purchasable","12":"product-type-simple"},"acf":[],"_links":{"self":[{"href":"https:\/\/jfsimulacaosaude.com.br\/site\/wp-json\/wp\/v2\/product\/10419","targetHints":{"allow":["GET"]}}],"collection":[{"href":"https:\/\/jfsimulacaosaude.com.br\/site\/wp-json\/wp\/v2\/product"}],"about":[{"href":"https:\/\/jfsimulacaosaude.com.br\/site\/wp-json\/wp\/v2\/types\/product"}],"replies":[{"embeddable":true,"href":"https:\/\/jfsimulacaosaude.com.br\/site\/wp-json\/wp\/v2\/comments?post=10419"}],"wp:featuredmedia":[{"embeddable":true,"href":"https:\/\/jfsimulacaosaude.com.br\/site\/wp-json\/wp\/v2\/media\/10418"}],"wp:attachment":[{"href":"https:\/\/jfsimulacaosaude.com.br\/site\/wp-json\/wp\/v2\/media?parent=10419"}],"wp:term":[{"taxonomy":"product_brand","embeddable":true,"href":"https:\/\/jfsimulacaosaude.com.br\/site\/wp-json\/wp\/v2\/product_brand?post=10419"},{"taxonomy":"product_cat","embeddable":true,"href":"https:\/\/jfsimulacaosaude.com.br\/site\/wp-json\/wp\/v2\/product_cat?post=10419"},{"taxonomy":"product_tag","embeddable":true,"href":"https:\/\/jfsimulacaosaude.com.br\/site\/wp-json\/wp\/v2\/product_tag?post=10419"}],"curies":[{"name":"wp","href":"https:\/\/api.w.org\/{rel}","templated":true}]}}